{"id":700,"date":"2020-11-09T07:31:14","date_gmt":"2020-11-09T06:31:14","guid":{"rendered":"https:\/\/web.graphisme.pro\/Servaville\/?page_id=700"},"modified":"2020-11-29T08:51:27","modified_gmt":"2020-11-29T07:51:27","slug":"sde-76","status":"publish","type":"page","link":"https:\/\/web.graphisme.pro\/Servaville\/sde-76\/","title":{"rendered":"SDE 76"},"content":{"rendered":"\n<div class=\"wp-block-group is-layout-flow wp-block-group-is-layout-flow\"><div class=\"wp-block-group__inner-container\"><\/div><\/div>\n\n\n\n<div class=\"wp-block-image\"><figure class=\"alignleft size-large is-resized\"><a href=\"https:\/\/www.sde76.fr\/\" target=\"_blank\" rel=\"noopener noreferrer\"><img loading=\"lazy\" decoding=\"async\" src=\"https:\/\/web.graphisme.pro\/Servaville\/wp-content\/uploads\/2020\/11\/1.jpg\" alt=\"\" class=\"wp-image-701\" width=\"138\" height=\"71\" srcset=\"https:\/\/web.graphisme.pro\/Servaville\/wp-content\/uploads\/2020\/11\/1.jpg 285w, https:\/\/web.graphisme.pro\/Servaville\/wp-content\/uploads\/2020\/11\/1-140x72.jpg 140w\" sizes=\"(max-width: 138px) 100vw, 138px\" \/><\/a><\/figure><\/div>\n\n\n\n<p><br>Le Syndicat D\u00e9partemental d&rsquo;\u00c9nergie de la Seine-Maritime (SDE 76) est un syndicat de communes<\/p>\n\n\n\n<p><br><strong>Repr\u00e9sentant de la commune au SDE : <\/strong><br>   &#8211; Julien GL\u00dcCK (Titulaire)<br>   &#8211; Eric MASSET (Suppl\u00e9ant)<\/p>\n\n\n\n<p><strong>Les comp\u00e9tences exerc\u00e9es par le SDE 76 sont les suivantes\u00a0:<\/strong><\/p>\n\n\n\n<div class=\"wp-block-group\"><div class=\"wp-block-group__inner-container is-layout-flow wp-block-group-is-layout-flow\">\n<ul><li>Autorit\u00e9 organisatrice des missions des services publics de l&rsquo;\u00e9lectricit\u00e9 et du gaz,<\/li><li>La v\u00e9rification technique de tous les projets d&rsquo;\u00e9lectrification et de desserte en gaz,<\/li><li>L&rsquo;assistance technique des collectivit\u00e9s adh\u00e9rentes pour l&rsquo;\u00e9tude et le contr\u00f4le des travaux qu&rsquo;elles r\u00e9alisent en qualit\u00e9 de ma\u00eetre d&rsquo;ouvrage,<\/li><li>L&rsquo;assistance aux abonn\u00e9s et aux collectivit\u00e9s lors des litiges avec le concessionnaire,<\/li><li>La repr\u00e9sentation des personnes morales membres dans tous les cas o\u00f9 les lois et r\u00e8glements en vigueur pr\u00e9voient que les collectivit\u00e9s doivent \u00eatre repr\u00e9sent\u00e9es ou consult\u00e9es,<\/li><li>L&rsquo;encaissement de la taxe sur la fourniture d&rsquo;\u00e9lectricit\u00e9,<\/li><li>L&rsquo;\u00e9tude et la pr\u00e9paration des inventaires, des programmes de travaux de renforcement, d&rsquo;extension, d&rsquo;effacement et d&rsquo;\u00e9clairage public,<\/li><li>La gestion des Fonds du FACE,<\/li><li>Un mandat de ma\u00eetre d&rsquo;ouvrage pour les travaux inopin\u00e9s de renforcement, d&rsquo;extension, d&rsquo;am\u00e9nagement de r\u00e9seaux, d&rsquo;encastrement de coffret gaz, de tarif jaune, de s\u00e9curisation,<\/li><li>La ma\u00eetrise d&rsquo;ouvrage des travaux d&rsquo;\u00e9lectrification rurale, d&rsquo;\u00e9clairage public et de t\u00e9l\u00e9communications \u00e9lectroniques.<\/li><\/ul>\n<\/div><\/div>\n\n\n\n<p><\/p>\n\n\n\n<p>Le SDE 76 regroupe 590 communes, soit 449.921 habitants, dont 115.591 habitants de communes urbaines et 334.230 habitants de communes rurales.<\/p>\n\n\n\n<p><\/p>\n","protected":false},"excerpt":{"rendered":"<p>Le Syndicat D\u00e9partemental d&rsquo;\u00c9nergie de la Seine-Maritime (SDE 76) est un syndicat de communes Repr\u00e9sentant de la commune au SDE : &#8211; Julien GL\u00dcCK (Titulaire) &#8211; Eric MASSET (Suppl\u00e9ant) Les [&hellip;]<\/p>\n","protected":false},"author":1,"featured_media":0,"parent":0,"menu_order":0,"comment_status":"closed","ping_status":"closed","template":"","meta":{"_EventAllDay":false,"_EventTimezone":"","_EventStartDate":"","_EventEndDate":"","_EventStartDateUTC":"","_EventEndDateUTC":"","_EventShowMap":false,"_EventShowMapLink":false,"_EventURL":"","_EventCost":"","_EventCostDescription":"","_EventCurrencySymbol":"","_EventCurrencyCode":"","_EventCurrencyPosition":"","_EventDateTimeSeparator":"","_EventTimeRangeSeparator":"","_EventOrganizerID":[],"_EventVenueID":[],"_OrganizerEmail":"","_OrganizerPhone":"","_OrganizerWebsite":"","_VenueAddress":"","_VenueCity":"","_VenueCountry":"","_VenueProvince":"","_VenueState":"","_VenueZip":"","_VenuePhone":"","_VenueURL":"","_VenueStateProvince":"","_VenueLat":"","_VenueLng":"","_VenueShowMap":false,"_VenueShowMapLink":false,"footnotes":""},"yoast_head":"<!-- This site is optimized with the Yoast SEO plugin v22.6 - https:\/\/yoast.com\/wordpress\/plugins\/seo\/ -->\n<title>SDE 76 - Mairie de Servaville-Salmonville<\/title>\n<meta name=\"robots\" content=\"index, follow, max-snippet:-1, max-image-preview:large, max-video-preview:-1\" \/>\n<link rel=\"canonical\" href=\"https:\/\/web.graphisme.pro\/Servaville\/sde-76\/\" \/>\n<meta property=\"og:locale\" content=\"fr_FR\" \/>\n<meta property=\"og:type\" content=\"article\" \/>\n<meta property=\"og:title\" content=\"SDE 76 - Mairie de Servaville-Salmonville\" \/>\n<meta property=\"og:description\" content=\"Le Syndicat D\u00e9partemental d&rsquo;\u00c9nergie de la Seine-Maritime (SDE 76) est un syndicat de communes Repr\u00e9sentant de la commune au SDE : &#8211; Julien GL\u00dcCK (Titulaire) &#8211; Eric MASSET (Suppl\u00e9ant) Les [&hellip;]\" \/>\n<meta property=\"og:url\" content=\"https:\/\/web.graphisme.pro\/Servaville\/sde-76\/\" \/>\n<meta property=\"og:site_name\" content=\"Mairie de Servaville-Salmonville\" \/>\n<meta property=\"article:modified_time\" content=\"2020-11-29T07:51:27+00:00\" \/>\n<meta property=\"og:image\" content=\"https:\/\/web.graphisme.pro\/Servaville\/wp-content\/uploads\/2020\/11\/1.jpg\" \/>\n<meta name=\"twitter:card\" content=\"summary_large_image\" \/>\n<meta name=\"twitter:label1\" content=\"Dur\u00e9e de lecture estim\u00e9e\" \/>\n\t<meta name=\"twitter:data1\" content=\"1 minute\" \/>\n<script type=\"application\/ld+json\" class=\"yoast-schema-graph\">{\"@context\":\"https:\/\/schema.org\",\"@graph\":[{\"@type\":\"WebPage\",\"@id\":\"https:\/\/web.graphisme.pro\/Servaville\/sde-76\/\",\"url\":\"https:\/\/web.graphisme.pro\/Servaville\/sde-76\/\",\"name\":\"SDE 76 - Mairie de Servaville-Salmonville\",\"isPartOf\":{\"@id\":\"https:\/\/web.graphisme.pro\/Servaville\/#website\"},\"primaryImageOfPage\":{\"@id\":\"https:\/\/web.graphisme.pro\/Servaville\/sde-76\/#primaryimage\"},\"image\":{\"@id\":\"https:\/\/web.graphisme.pro\/Servaville\/sde-76\/#primaryimage\"},\"thumbnailUrl\":\"https:\/\/web.graphisme.pro\/Servaville\/wp-content\/uploads\/2020\/11\/1.jpg\",\"datePublished\":\"2020-11-09T06:31:14+00:00\",\"dateModified\":\"2020-11-29T07:51:27+00:00\",\"breadcrumb\":{\"@id\":\"https:\/\/web.graphisme.pro\/Servaville\/sde-76\/#breadcrumb\"},\"inLanguage\":\"fr-FR\",\"potentialAction\":[{\"@type\":\"ReadAction\",\"target\":[\"https:\/\/web.graphisme.pro\/Servaville\/sde-76\/\"]}]},{\"@type\":\"ImageObject\",\"inLanguage\":\"fr-FR\",\"@id\":\"https:\/\/web.graphisme.pro\/Servaville\/sde-76\/#primaryimage\",\"url\":\"https:\/\/web.graphisme.pro\/Servaville\/wp-content\/uploads\/2020\/11\/1.jpg\",\"contentUrl\":\"https:\/\/web.graphisme.pro\/Servaville\/wp-content\/uploads\/2020\/11\/1.jpg\",\"width\":285,\"height\":147},{\"@type\":\"BreadcrumbList\",\"@id\":\"https:\/\/web.graphisme.pro\/Servaville\/sde-76\/#breadcrumb\",\"itemListElement\":[{\"@type\":\"ListItem\",\"position\":1,\"name\":\"Accueil\",\"item\":\"https:\/\/web.graphisme.pro\/Servaville\/\"},{\"@type\":\"ListItem\",\"position\":2,\"name\":\"SDE 76\"}]},{\"@type\":\"WebSite\",\"@id\":\"https:\/\/web.graphisme.pro\/Servaville\/#website\",\"url\":\"https:\/\/web.graphisme.pro\/Servaville\/\",\"name\":\"Mairie de Servaville-Salmonville\",\"description\":\"Seine-Maritime Normandie\",\"publisher\":{\"@id\":\"https:\/\/web.graphisme.pro\/Servaville\/#organization\"},\"potentialAction\":[{\"@type\":\"SearchAction\",\"target\":{\"@type\":\"EntryPoint\",\"urlTemplate\":\"https:\/\/web.graphisme.pro\/Servaville\/?s={search_term_string}\"},\"query-input\":\"required name=search_term_string\"}],\"inLanguage\":\"fr-FR\"},{\"@type\":\"Organization\",\"@id\":\"https:\/\/web.graphisme.pro\/Servaville\/#organization\",\"name\":\"Mairie de Servaville-Salmonville\",\"url\":\"https:\/\/web.graphisme.pro\/Servaville\/\",\"logo\":{\"@type\":\"ImageObject\",\"inLanguage\":\"fr-FR\",\"@id\":\"https:\/\/web.graphisme.pro\/Servaville\/#\/schema\/logo\/image\/\",\"url\":\"https:\/\/web.graphisme.pro\/Servaville\/wp-content\/uploads\/2020\/08\/servaville_logo-e1598278648383.png\",\"contentUrl\":\"https:\/\/web.graphisme.pro\/Servaville\/wp-content\/uploads\/2020\/08\/servaville_logo-e1598278648383.png\",\"width\":300,\"height\":236,\"caption\":\"Mairie de Servaville-Salmonville\"},\"image\":{\"@id\":\"https:\/\/web.graphisme.pro\/Servaville\/#\/schema\/logo\/image\/\"},\"sameAs\":[\"https:\/\/fr.wikipedia.org\/wiki\/Servaville-Salmonville\"]}]}<\/script>\n<!-- \/ Yoast SEO plugin. -->","yoast_head_json":{"title":"SDE 76 - Mairie de Servaville-Salmonville","robots":{"index":"index","follow":"follow","max-snippet":"max-snippet:-1","max-image-preview":"max-image-preview:large","max-video-preview":"max-video-preview:-1"},"canonical":"https:\/\/web.graphisme.pro\/Servaville\/sde-76\/","og_locale":"fr_FR","og_type":"article","og_title":"SDE 76 - Mairie de Servaville-Salmonville","og_description":"Le Syndicat D\u00e9partemental d&rsquo;\u00c9nergie de la Seine-Maritime (SDE 76) est un syndicat de communes Repr\u00e9sentant de la commune au SDE : &#8211; Julien GL\u00dcCK (Titulaire) &#8211; Eric MASSET (Suppl\u00e9ant) Les [&hellip;]","og_url":"https:\/\/web.graphisme.pro\/Servaville\/sde-76\/","og_site_name":"Mairie de Servaville-Salmonville","article_modified_time":"2020-11-29T07:51:27+00:00","og_image":[{"url":"https:\/\/web.graphisme.pro\/Servaville\/wp-content\/uploads\/2020\/11\/1.jpg"}],"twitter_card":"summary_large_image","twitter_misc":{"Dur\u00e9e de lecture estim\u00e9e":"1 minute"},"schema":{"@context":"https:\/\/schema.org","@graph":[{"@type":"WebPage","@id":"https:\/\/web.graphisme.pro\/Servaville\/sde-76\/","url":"https:\/\/web.graphisme.pro\/Servaville\/sde-76\/","name":"SDE 76 - Mairie de Servaville-Salmonville","isPartOf":{"@id":"https:\/\/web.graphisme.pro\/Servaville\/#website"},"primaryImageOfPage":{"@id":"https:\/\/web.graphisme.pro\/Servaville\/sde-76\/#primaryimage"},"image":{"@id":"https:\/\/web.graphisme.pro\/Servaville\/sde-76\/#primaryimage"},"thumbnailUrl":"https:\/\/web.graphisme.pro\/Servaville\/wp-content\/uploads\/2020\/11\/1.jpg","datePublished":"2020-11-09T06:31:14+00:00","dateModified":"2020-11-29T07:51:27+00:00","breadcrumb":{"@id":"https:\/\/web.graphisme.pro\/Servaville\/sde-76\/#breadcrumb"},"inLanguage":"fr-FR","potentialAction":[{"@type":"ReadAction","target":["https:\/\/web.graphisme.pro\/Servaville\/sde-76\/"]}]},{"@type":"ImageObject","inLanguage":"fr-FR","@id":"https:\/\/web.graphisme.pro\/Servaville\/sde-76\/#primaryimage","url":"https:\/\/web.graphisme.pro\/Servaville\/wp-content\/uploads\/2020\/11\/1.jpg","contentUrl":"https:\/\/web.graphisme.pro\/Servaville\/wp-content\/uploads\/2020\/11\/1.jpg","width":285,"height":147},{"@type":"BreadcrumbList","@id":"https:\/\/web.graphisme.pro\/Servaville\/sde-76\/#breadcrumb","itemListElement":[{"@type":"ListItem","position":1,"name":"Accueil","item":"https:\/\/web.graphisme.pro\/Servaville\/"},{"@type":"ListItem","position":2,"name":"SDE 76"}]},{"@type":"WebSite","@id":"https:\/\/web.graphisme.pro\/Servaville\/#website","url":"https:\/\/web.graphisme.pro\/Servaville\/","name":"Mairie de Servaville-Salmonville","description":"Seine-Maritime Normandie","publisher":{"@id":"https:\/\/web.graphisme.pro\/Servaville\/#organization"},"potentialAction":[{"@type":"SearchAction","target":{"@type":"EntryPoint","urlTemplate":"https:\/\/web.graphisme.pro\/Servaville\/?s={search_term_string}"},"query-input":"required name=search_term_string"}],"inLanguage":"fr-FR"},{"@type":"Organization","@id":"https:\/\/web.graphisme.pro\/Servaville\/#organization","name":"Mairie de Servaville-Salmonville","url":"https:\/\/web.graphisme.pro\/Servaville\/","logo":{"@type":"ImageObject","inLanguage":"fr-FR","@id":"https:\/\/web.graphisme.pro\/Servaville\/#\/schema\/logo\/image\/","url":"https:\/\/web.graphisme.pro\/Servaville\/wp-content\/uploads\/2020\/08\/servaville_logo-e1598278648383.png","contentUrl":"https:\/\/web.graphisme.pro\/Servaville\/wp-content\/uploads\/2020\/08\/servaville_logo-e1598278648383.png","width":300,"height":236,"caption":"Mairie de Servaville-Salmonville"},"image":{"@id":"https:\/\/web.graphisme.pro\/Servaville\/#\/schema\/logo\/image\/"},"sameAs":["https:\/\/fr.wikipedia.org\/wiki\/Servaville-Salmonville"]}]}},"_links":{"self":[{"href":"https:\/\/web.graphisme.pro\/Servaville\/wp-json\/wp\/v2\/pages\/700"}],"collection":[{"href":"https:\/\/web.graphisme.pro\/Servaville\/wp-json\/wp\/v2\/pages"}],"about":[{"href":"https:\/\/web.graphisme.pro\/Servaville\/wp-json\/wp\/v2\/types\/page"}],"author":[{"embeddable":true,"href":"https:\/\/web.graphisme.pro\/Servaville\/wp-json\/wp\/v2\/users\/1"}],"replies":[{"embeddable":true,"href":"https:\/\/web.graphisme.pro\/Servaville\/wp-json\/wp\/v2\/comments?post=700"}],"version-history":[{"count":12,"href":"https:\/\/web.graphisme.pro\/Servaville\/wp-json\/wp\/v2\/pages\/700\/revisions"}],"predecessor-version":[{"id":1165,"href":"https:\/\/web.graphisme.pro\/Servaville\/wp-json\/wp\/v2\/pages\/700\/revisions\/1165"}],"wp:attachment":[{"href":"https:\/\/web.graphisme.pro\/Servaville\/wp-json\/wp\/v2\/media?parent=700"}],"curies":[{"name":"wp","href":"https:\/\/api.w.org\/{rel}","templated":true}]}}

<div class="wp-block-group is-layout-flow wp-block-group-is-layout-flow"><div class="wp-block-group__inner-container"></div></div>



<div class="wp-block-image"><figure class="alignleft size-large is-resized"><a href="https://www.sde76.fr/" target="_blank" rel="noopener noreferrer"><img loading="lazy" decoding="async" src="https://web.graphisme.pro/Servaville/wp-content/uploads/2020/11/1.jpg" alt="" class="wp-image-701" width="138" height="71" srcset="https://web.graphisme.pro/Servaville/wp-content/uploads/2020/11/1.jpg 285w, https://web.graphisme.pro/Servaville/wp-content/uploads/2020/11/1-140x72.jpg 140w" sizes="(max-width: 138px) 100vw, 138px" /></a></figure></div>



<p><br>Le Syndicat Départemental d&rsquo;Énergie de la Seine-Maritime (SDE 76) est un syndicat de communes</p>



<p><br><strong>Représentant de la commune au SDE : </strong><br>   &#8211; Julien GLÜCK (Titulaire)<br>   &#8211; Eric MASSET (Suppléant)</p>



<p><strong>Les compétences exercées par le SDE 76 sont les suivantes :</strong></p>



<div class="wp-block-group"><div class="wp-block-group__inner-container is-layout-flow wp-block-group-is-layout-flow">
<ul><li>Autorité organisatrice des missions des services publics de l&rsquo;électricité et du gaz,</li><li>La vérification technique de tous les projets d&rsquo;électrification et de desserte en gaz,</li><li>L&rsquo;assistance technique des collectivités adhérentes pour l&rsquo;étude et le contrôle des travaux qu&rsquo;elles réalisent en qualité de maître d&rsquo;ouvrage,</li><li>L&rsquo;assistance aux abonnés et aux collectivités lors des litiges avec le concessionnaire,</li><li>La représentation des personnes morales membres dans tous les cas où les lois et règlements en vigueur prévoient que les collectivités doivent être représentées ou consultées,</li><li>L&rsquo;encaissement de la taxe sur la fourniture d&rsquo;électricité,</li><li>L&rsquo;étude et la préparation des inventaires, des programmes de travaux de renforcement, d&rsquo;extension, d&rsquo;effacement et d&rsquo;éclairage public,</li><li>La gestion des Fonds du FACE,</li><li>Un mandat de maître d&rsquo;ouvrage pour les travaux inopinés de renforcement, d&rsquo;extension, d&rsquo;aménagement de réseaux, d&rsquo;encastrement de coffret gaz, de tarif jaune, de sécurisation,</li><li>La maîtrise d&rsquo;ouvrage des travaux d&rsquo;électrification rurale, d&rsquo;éclairage public et de télécommunications électroniques.</li></ul>
</div></div>



<p></p>



<p>Le SDE 76 regroupe 590 communes, soit 449.921 habitants, dont 115.591 habitants de communes urbaines et 334.230 habitants de communes rurales.</p>



<p></p>

<p>Le Syndicat Départemental d&rsquo;Énergie de la Seine-Maritime (SDE 76) est un syndicat de communes Représentant de la commune au SDE : &#8211; Julien GLÜCK (Titulaire) &#8211; Eric MASSET (Suppléant) Les [&hellip;]</p>

<!-- This site is optimized with the Yoast SEO plugin v22.6 - https://yoast.com/wordpress/plugins/seo/ -->
<title>SDE 76 - Mairie de Servaville-Salmonville</title>
<meta name="robots" content="index, follow, max-snippet:-1, max-image-preview:large, max-video-preview:-1" />
<link rel="canonical" href="https://web.graphisme.pro/Servaville/sde-76/" />
<meta property="og:locale" content="fr_FR" />
<meta property="og:type" content="article" />
<meta property="og:title" content="SDE 76 - Mairie de Servaville-Salmonville" />
<meta property="og:description" content="Le Syndicat Départemental d&rsquo;Énergie de la Seine-Maritime (SDE 76) est un syndicat de communes Représentant de la commune au SDE : &#8211; Julien GLÜCK (Titulaire) &#8211; Eric MASSET (Suppléant) Les [&hellip;]" />
<meta property="og:url" content="https://web.graphisme.pro/Servaville/sde-76/" />
<meta property="og:site_name" content="Mairie de Servaville-Salmonville" />
<meta property="article:modified_time" content="2020-11-29T07:51:27+00:00" />
<meta property="og:image" content="https://web.graphisme.pro/Servaville/wp-content/uploads/2020/11/1.jpg" />
<meta name="twitter:card" content="summary_large_image" />
<meta name="twitter:label1" content="Durée de lecture estimée" />
	<meta name="twitter:data1" content="1 minute" />
<script type="application/ld+json" class="yoast-schema-graph">{"@context":"https://schema.org","@graph":[{"@type":"WebPage","@id":"https://web.graphisme.pro/Servaville/sde-76/","url":"https://web.graphisme.pro/Servaville/sde-76/","name":"SDE 76 - Mairie de Servaville-Salmonville","isPartOf":{"@id":"https://web.graphisme.pro/Servaville/#website"},"primaryImageOfPage":{"@id":"https://web.graphisme.pro/Servaville/sde-76/#primaryimage"},"image":{"@id":"https://web.graphisme.pro/Servaville/sde-76/#primaryimage"},"thumbnailUrl":"https://web.graphisme.pro/Servaville/wp-content/uploads/2020/11/1.jpg","datePublished":"2020-11-09T06:31:14+00:00","dateModified":"2020-11-29T07:51:27+00:00","breadcrumb":{"@id":"https://web.graphisme.pro/Servaville/sde-76/#breadcrumb"},"inLanguage":"fr-FR","potentialAction":[{"@type":"ReadAction","target":["https://web.graphisme.pro/Servaville/sde-76/"]}]},{"@type":"ImageObject","inLanguage":"fr-FR","@id":"https://web.graphisme.pro/Servaville/sde-76/#primaryimage","url":"https://web.graphisme.pro/Servaville/wp-content/uploads/2020/11/1.jpg","contentUrl":"https://web.graphisme.pro/Servaville/wp-content/uploads/2020/11/1.jpg","width":285,"height":147},{"@type":"BreadcrumbList","@id":"https://web.graphisme.pro/Servaville/sde-76/#breadcrumb","itemListElement":[{"@type":"ListItem","position":1,"name":"Accueil","item":"https://web.graphisme.pro/Servaville/"},{"@type":"ListItem","position":2,"name":"SDE 76"}]},{"@type":"WebSite","@id":"https://web.graphisme.pro/Servaville/#website","url":"https://web.graphisme.pro/Servaville/","name":"Mairie de Servaville-Salmonville","description":"Seine-Maritime Normandie","publisher":{"@id":"https://web.graphisme.pro/Servaville/#organization"},"potentialAction":[{"@type":"SearchAction","target":{"@type":"EntryPoint","urlTemplate":"https://web.graphisme.pro/Servaville/?s={search_term_string}"},"query-input":"required name=search_term_string"}],"inLanguage":"fr-FR"},{"@type":"Organization","@id":"https://web.graphisme.pro/Servaville/#organization","name":"Mairie de Servaville-Salmonville","url":"https://web.graphisme.pro/Servaville/","logo":{"@type":"ImageObject","inLanguage":"fr-FR","@id":"https://web.graphisme.pro/Servaville/#/schema/logo/image/","url":"https://web.graphisme.pro/Servaville/wp-content/uploads/2020/08/servaville_logo-e1598278648383.png","contentUrl":"https://web.graphisme.pro/Servaville/wp-content/uploads/2020/08/servaville_logo-e1598278648383.png","width":300,"height":236,"caption":"Mairie de Servaville-Salmonville"},"image":{"@id":"https://web.graphisme.pro/Servaville/#/schema/logo/image/"},"sameAs":["https://fr.wikipedia.org/wiki/Servaville-Salmonville"]}]}</script>
<!-- / Yoast SEO plugin. -->

Le Syndicat Départemental d&rsquo;Énergie de la Seine-Maritime (SDE 76) est un syndicat de communes Représentant de la commune au SDE : &#8211; Julien GLÜCK (Titulaire) &#8211; Eric MASSET (Suppléant) Les [&hellip;]
