{"id":619,"date":"2020-10-05T16:10:32","date_gmt":"2020-10-05T14:10:32","guid":{"rendered":"https:\/\/web.graphisme.pro\/Servaville\/?page_id=619"},"modified":"2020-11-09T18:08:12","modified_gmt":"2020-11-09T17:08:12","slug":"siaepa-du-crevon","status":"publish","type":"page","link":"https:\/\/web.graphisme.pro\/Servaville\/siaepa-du-crevon\/","title":{"rendered":"SIAEPA du Crevon"},"content":{"rendered":"\n<figure class=\"wp-block-image size-large is-style-default\"><img loading=\"lazy\" decoding=\"async\" width=\"1024\" height=\"523\" src=\"https:\/\/web.graphisme.pro\/Servaville\/wp-content\/uploads\/2020\/10\/SIAEPA-Crevon-1024x523.jpg\" alt=\"\" class=\"wp-image-620\" srcset=\"https:\/\/web.graphisme.pro\/Servaville\/wp-content\/uploads\/2020\/10\/SIAEPA-Crevon-1024x523.jpg 1024w, https:\/\/web.graphisme.pro\/Servaville\/wp-content\/uploads\/2020\/10\/SIAEPA-Crevon-300x153.jpg 300w, https:\/\/web.graphisme.pro\/Servaville\/wp-content\/uploads\/2020\/10\/SIAEPA-Crevon-768x393.jpg 768w, https:\/\/web.graphisme.pro\/Servaville\/wp-content\/uploads\/2020\/10\/SIAEPA-Crevon-1536x785.jpg 1536w, https:\/\/web.graphisme.pro\/Servaville\/wp-content\/uploads\/2020\/10\/SIAEPA-Crevon.jpg 1704w\" sizes=\"(max-width: 1024px) 100vw, 1024px\" \/><\/figure>\n\n\n\n<h2 class=\"has-text-align-center wp-block-heading\"><a rel=\"noreferrer noopener\" href=\"http:\/\/www.siaepaducrevon.fr\/\" target=\"_blank\"><strong>www.siaepaducrevon.fr<\/strong><\/a><\/h2>\n\n\n\n<p>Pour la commune de Servaville-Salmonville, les d\u00e9l\u00e9gu\u00e9s au SIAEPA du Crevon sont :<\/p>\n\n\n\n<ul><li>Jean-Paul DUPRESSOIR (Titulaire)<\/li><li>Benoit DELABOS (Titulaire)<\/li><li>Gabriel VERHAEGHE (Suppl\u00e9ant)<\/li><\/ul>\n","protected":false},"excerpt":{"rendered":"<p>www.siaepaducrevon.fr Pour la commune de Servaville-Salmonville, les d\u00e9l\u00e9gu\u00e9s au SIAEPA du Crevon sont : Jean-Paul DUPRESSOIR (Titulaire) Benoit DELABOS (Titulaire) Gabriel VERHAEGHE (Suppl\u00e9ant)<\/p>\n","protected":false},"author":1,"featured_media":0,"parent":0,"menu_order":0,"comment_status":"closed","ping_status":"closed","template":"","meta":{"_EventAllDay":false,"_EventTimezone":"","_EventStartDate":"","_EventEndDate":"","_EventStartDateUTC":"","_EventEndDateUTC":"","_EventShowMap":false,"_EventShowMapLink":false,"_EventURL":"","_EventCost":"","_EventCostDescription":"","_EventCurrencySymbol":"","_EventCurrencyCode":"","_EventCurrencyPosition":"","_EventDateTimeSeparator":"","_EventTimeRangeSeparator":"","_EventOrganizerID":[],"_EventVenueID":[],"_OrganizerEmail":"","_OrganizerPhone":"","_OrganizerWebsite":"","_VenueAddress":"","_VenueCity":"","_VenueCountry":"","_VenueProvince":"","_VenueState":"","_VenueZip":"","_VenuePhone":"","_VenueURL":"","_VenueStateProvince":"","_VenueLat":"","_VenueLng":"","_VenueShowMap":false,"_VenueShowMapLink":false,"footnotes":""},"yoast_head":"<!-- This site is optimized with the Yoast SEO plugin v22.6 - https:\/\/yoast.com\/wordpress\/plugins\/seo\/ -->\n<title>SIAEPA du Crevon - Mairie de Servaville-Salmonville<\/title>\n<meta name=\"robots\" content=\"index, follow, max-snippet:-1, max-image-preview:large, max-video-preview:-1\" \/>\n<link rel=\"canonical\" href=\"https:\/\/web.graphisme.pro\/Servaville\/siaepa-du-crevon\/\" \/>\n<meta property=\"og:locale\" content=\"fr_FR\" \/>\n<meta property=\"og:type\" content=\"article\" \/>\n<meta property=\"og:title\" content=\"SIAEPA du Crevon - Mairie de Servaville-Salmonville\" \/>\n<meta property=\"og:description\" content=\"www.siaepaducrevon.fr Pour la commune de Servaville-Salmonville, les d\u00e9l\u00e9gu\u00e9s au SIAEPA du Crevon sont : Jean-Paul DUPRESSOIR (Titulaire) Benoit DELABOS (Titulaire) Gabriel VERHAEGHE (Suppl\u00e9ant)\" \/>\n<meta property=\"og:url\" content=\"https:\/\/web.graphisme.pro\/Servaville\/siaepa-du-crevon\/\" \/>\n<meta property=\"og:site_name\" content=\"Mairie de Servaville-Salmonville\" \/>\n<meta property=\"article:modified_time\" content=\"2020-11-09T17:08:12+00:00\" \/>\n<meta property=\"og:image\" content=\"https:\/\/web.graphisme.pro\/Servaville\/wp-content\/uploads\/2020\/10\/SIAEPA-Crevon-1024x523.jpg\" \/>\n<meta name=\"twitter:card\" content=\"summary_large_image\" \/>\n<script type=\"application\/ld+json\" class=\"yoast-schema-graph\">{\"@context\":\"https:\/\/schema.org\",\"@graph\":[{\"@type\":\"WebPage\",\"@id\":\"https:\/\/web.graphisme.pro\/Servaville\/siaepa-du-crevon\/\",\"url\":\"https:\/\/web.graphisme.pro\/Servaville\/siaepa-du-crevon\/\",\"name\":\"SIAEPA du Crevon - Mairie de Servaville-Salmonville\",\"isPartOf\":{\"@id\":\"https:\/\/web.graphisme.pro\/Servaville\/#website\"},\"primaryImageOfPage\":{\"@id\":\"https:\/\/web.graphisme.pro\/Servaville\/siaepa-du-crevon\/#primaryimage\"},\"image\":{\"@id\":\"https:\/\/web.graphisme.pro\/Servaville\/siaepa-du-crevon\/#primaryimage\"},\"thumbnailUrl\":\"https:\/\/web.graphisme.pro\/Servaville\/wp-content\/uploads\/2020\/10\/SIAEPA-Crevon-1024x523.jpg\",\"datePublished\":\"2020-10-05T14:10:32+00:00\",\"dateModified\":\"2020-11-09T17:08:12+00:00\",\"breadcrumb\":{\"@id\":\"https:\/\/web.graphisme.pro\/Servaville\/siaepa-du-crevon\/#breadcrumb\"},\"inLanguage\":\"fr-FR\",\"potentialAction\":[{\"@type\":\"ReadAction\",\"target\":[\"https:\/\/web.graphisme.pro\/Servaville\/siaepa-du-crevon\/\"]}]},{\"@type\":\"ImageObject\",\"inLanguage\":\"fr-FR\",\"@id\":\"https:\/\/web.graphisme.pro\/Servaville\/siaepa-du-crevon\/#primaryimage\",\"url\":\"https:\/\/web.graphisme.pro\/Servaville\/wp-content\/uploads\/2020\/10\/SIAEPA-Crevon.jpg\",\"contentUrl\":\"https:\/\/web.graphisme.pro\/Servaville\/wp-content\/uploads\/2020\/10\/SIAEPA-Crevon.jpg\",\"width\":1704,\"height\":871},{\"@type\":\"BreadcrumbList\",\"@id\":\"https:\/\/web.graphisme.pro\/Servaville\/siaepa-du-crevon\/#breadcrumb\",\"itemListElement\":[{\"@type\":\"ListItem\",\"position\":1,\"name\":\"Accueil\",\"item\":\"https:\/\/web.graphisme.pro\/Servaville\/\"},{\"@type\":\"ListItem\",\"position\":2,\"name\":\"SIAEPA du Crevon\"}]},{\"@type\":\"WebSite\",\"@id\":\"https:\/\/web.graphisme.pro\/Servaville\/#website\",\"url\":\"https:\/\/web.graphisme.pro\/Servaville\/\",\"name\":\"Mairie de Servaville-Salmonville\",\"description\":\"Seine-Maritime Normandie\",\"publisher\":{\"@id\":\"https:\/\/web.graphisme.pro\/Servaville\/#organization\"},\"potentialAction\":[{\"@type\":\"SearchAction\",\"target\":{\"@type\":\"EntryPoint\",\"urlTemplate\":\"https:\/\/web.graphisme.pro\/Servaville\/?s={search_term_string}\"},\"query-input\":\"required name=search_term_string\"}],\"inLanguage\":\"fr-FR\"},{\"@type\":\"Organization\",\"@id\":\"https:\/\/web.graphisme.pro\/Servaville\/#organization\",\"name\":\"Mairie de Servaville-Salmonville\",\"url\":\"https:\/\/web.graphisme.pro\/Servaville\/\",\"logo\":{\"@type\":\"ImageObject\",\"inLanguage\":\"fr-FR\",\"@id\":\"https:\/\/web.graphisme.pro\/Servaville\/#\/schema\/logo\/image\/\",\"url\":\"https:\/\/web.graphisme.pro\/Servaville\/wp-content\/uploads\/2020\/08\/servaville_logo-e1598278648383.png\",\"contentUrl\":\"https:\/\/web.graphisme.pro\/Servaville\/wp-content\/uploads\/2020\/08\/servaville_logo-e1598278648383.png\",\"width\":300,\"height\":236,\"caption\":\"Mairie de Servaville-Salmonville\"},\"image\":{\"@id\":\"https:\/\/web.graphisme.pro\/Servaville\/#\/schema\/logo\/image\/\"},\"sameAs\":[\"https:\/\/fr.wikipedia.org\/wiki\/Servaville-Salmonville\"]}]}<\/script>\n<!-- \/ Yoast SEO plugin. -->","yoast_head_json":{"title":"SIAEPA du Crevon - Mairie de Servaville-Salmonville","robots":{"index":"index","follow":"follow","max-snippet":"max-snippet:-1","max-image-preview":"max-image-preview:large","max-video-preview":"max-video-preview:-1"},"canonical":"https:\/\/web.graphisme.pro\/Servaville\/siaepa-du-crevon\/","og_locale":"fr_FR","og_type":"article","og_title":"SIAEPA du Crevon - Mairie de Servaville-Salmonville","og_description":"www.siaepaducrevon.fr Pour la commune de Servaville-Salmonville, les d\u00e9l\u00e9gu\u00e9s au SIAEPA du Crevon sont : Jean-Paul DUPRESSOIR (Titulaire) Benoit DELABOS (Titulaire) Gabriel VERHAEGHE (Suppl\u00e9ant)","og_url":"https:\/\/web.graphisme.pro\/Servaville\/siaepa-du-crevon\/","og_site_name":"Mairie de Servaville-Salmonville","article_modified_time":"2020-11-09T17:08:12+00:00","og_image":[{"url":"https:\/\/web.graphisme.pro\/Servaville\/wp-content\/uploads\/2020\/10\/SIAEPA-Crevon-1024x523.jpg"}],"twitter_card":"summary_large_image","schema":{"@context":"https:\/\/schema.org","@graph":[{"@type":"WebPage","@id":"https:\/\/web.graphisme.pro\/Servaville\/siaepa-du-crevon\/","url":"https:\/\/web.graphisme.pro\/Servaville\/siaepa-du-crevon\/","name":"SIAEPA du Crevon - Mairie de Servaville-Salmonville","isPartOf":{"@id":"https:\/\/web.graphisme.pro\/Servaville\/#website"},"primaryImageOfPage":{"@id":"https:\/\/web.graphisme.pro\/Servaville\/siaepa-du-crevon\/#primaryimage"},"image":{"@id":"https:\/\/web.graphisme.pro\/Servaville\/siaepa-du-crevon\/#primaryimage"},"thumbnailUrl":"https:\/\/web.graphisme.pro\/Servaville\/wp-content\/uploads\/2020\/10\/SIAEPA-Crevon-1024x523.jpg","datePublished":"2020-10-05T14:10:32+00:00","dateModified":"2020-11-09T17:08:12+00:00","breadcrumb":{"@id":"https:\/\/web.graphisme.pro\/Servaville\/siaepa-du-crevon\/#breadcrumb"},"inLanguage":"fr-FR","potentialAction":[{"@type":"ReadAction","target":["https:\/\/web.graphisme.pro\/Servaville\/siaepa-du-crevon\/"]}]},{"@type":"ImageObject","inLanguage":"fr-FR","@id":"https:\/\/web.graphisme.pro\/Servaville\/siaepa-du-crevon\/#primaryimage","url":"https:\/\/web.graphisme.pro\/Servaville\/wp-content\/uploads\/2020\/10\/SIAEPA-Crevon.jpg","contentUrl":"https:\/\/web.graphisme.pro\/Servaville\/wp-content\/uploads\/2020\/10\/SIAEPA-Crevon.jpg","width":1704,"height":871},{"@type":"BreadcrumbList","@id":"https:\/\/web.graphisme.pro\/Servaville\/siaepa-du-crevon\/#breadcrumb","itemListElement":[{"@type":"ListItem","position":1,"name":"Accueil","item":"https:\/\/web.graphisme.pro\/Servaville\/"},{"@type":"ListItem","position":2,"name":"SIAEPA du Crevon"}]},{"@type":"WebSite","@id":"https:\/\/web.graphisme.pro\/Servaville\/#website","url":"https:\/\/web.graphisme.pro\/Servaville\/","name":"Mairie de Servaville-Salmonville","description":"Seine-Maritime Normandie","publisher":{"@id":"https:\/\/web.graphisme.pro\/Servaville\/#organization"},"potentialAction":[{"@type":"SearchAction","target":{"@type":"EntryPoint","urlTemplate":"https:\/\/web.graphisme.pro\/Servaville\/?s={search_term_string}"},"query-input":"required name=search_term_string"}],"inLanguage":"fr-FR"},{"@type":"Organization","@id":"https:\/\/web.graphisme.pro\/Servaville\/#organization","name":"Mairie de Servaville-Salmonville","url":"https:\/\/web.graphisme.pro\/Servaville\/","logo":{"@type":"ImageObject","inLanguage":"fr-FR","@id":"https:\/\/web.graphisme.pro\/Servaville\/#\/schema\/logo\/image\/","url":"https:\/\/web.graphisme.pro\/Servaville\/wp-content\/uploads\/2020\/08\/servaville_logo-e1598278648383.png","contentUrl":"https:\/\/web.graphisme.pro\/Servaville\/wp-content\/uploads\/2020\/08\/servaville_logo-e1598278648383.png","width":300,"height":236,"caption":"Mairie de Servaville-Salmonville"},"image":{"@id":"https:\/\/web.graphisme.pro\/Servaville\/#\/schema\/logo\/image\/"},"sameAs":["https:\/\/fr.wikipedia.org\/wiki\/Servaville-Salmonville"]}]}},"_links":{"self":[{"href":"https:\/\/web.graphisme.pro\/Servaville\/wp-json\/wp\/v2\/pages\/619"}],"collection":[{"href":"https:\/\/web.graphisme.pro\/Servaville\/wp-json\/wp\/v2\/pages"}],"about":[{"href":"https:\/\/web.graphisme.pro\/Servaville\/wp-json\/wp\/v2\/types\/page"}],"author":[{"embeddable":true,"href":"https:\/\/web.graphisme.pro\/Servaville\/wp-json\/wp\/v2\/users\/1"}],"replies":[{"embeddable":true,"href":"https:\/\/web.graphisme.pro\/Servaville\/wp-json\/wp\/v2\/comments?post=619"}],"version-history":[{"count":5,"href":"https:\/\/web.graphisme.pro\/Servaville\/wp-json\/wp\/v2\/pages\/619\/revisions"}],"predecessor-version":[{"id":1280,"href":"https:\/\/web.graphisme.pro\/Servaville\/wp-json\/wp\/v2\/pages\/619\/revisions\/1280"}],"wp:attachment":[{"href":"https:\/\/web.graphisme.pro\/Servaville\/wp-json\/wp\/v2\/media?parent=619"}],"curies":[{"name":"wp","href":"https:\/\/api.w.org\/{rel}","templated":true}]}}