{"id":263,"date":"2020-09-03T09:46:14","date_gmt":"2020-09-03T07:46:14","guid":{"rendered":"https:\/\/web.graphisme.pro\/Servaville\/?page_id=263"},"modified":"2023-04-02T09:25:26","modified_gmt":"2023-04-02T07:25:26","slug":"association-des-anciens-sapeurs-pompiers-de-servaville-salmonville-a-a-s-p-s-s","status":"publish","type":"page","link":"https:\/\/web.graphisme.pro\/Servaville\/association-des-anciens-sapeurs-pompiers-de-servaville-salmonville-a-a-s-p-s-s\/","title":{"rendered":"Association des Anciens Sapeurs-Pompiers de Servaville-Salmonville (A.A.S.P.S.S.)"},"content":{"rendered":"\n<p>L&rsquo;association des Anciens Sapeurs-pompiers organise tous les ans au mois de mars un grand Loto<\/p>\n\n\n\n<p>Pr\u00e9sident : Eric MASSET<\/p>\n\n\n\n<p>Vice Pr\u00e9sident : Gilles ALEXANDRE<\/p>\n\n\n\n<p>Tr\u00e9sorier : Paul PINOT<\/p>\n","protected":false},"excerpt":{"rendered":"<p>L&rsquo;association des Anciens Sapeurs-pompiers organise tous les ans au mois de mars un grand Loto Pr\u00e9sident : Eric MASSET Vice Pr\u00e9sident : Gilles ALEXANDRE Tr\u00e9sorier : Paul PINOT<\/p>\n","protected":false},"author":1,"featured_media":0,"parent":0,"menu_order":0,"comment_status":"closed","ping_status":"closed","template":"","meta":{"_EventAllDay":false,"_EventTimezone":"","_EventStartDate":"","_EventEndDate":"","_EventStartDateUTC":"","_EventEndDateUTC":"","_EventShowMap":false,"_EventShowMapLink":false,"_EventURL":"","_EventCost":"","_EventCostDescription":"","_EventCurrencySymbol":"","_EventCurrencyCode":"","_EventCurrencyPosition":"","_EventDateTimeSeparator":"","_EventTimeRangeSeparator":"","_EventOrganizerID":[],"_EventVenueID":[],"_OrganizerEmail":"","_OrganizerPhone":"","_OrganizerWebsite":"","_VenueAddress":"","_VenueCity":"","_VenueCountry":"","_VenueProvince":"","_VenueState":"","_VenueZip":"","_VenuePhone":"","_VenueURL":"","_VenueStateProvince":"","_VenueLat":"","_VenueLng":"","_VenueShowMap":false,"_VenueShowMapLink":false,"footnotes":""},"yoast_head":"<!-- This site is optimized with the Yoast SEO plugin v22.6 - https:\/\/yoast.com\/wordpress\/plugins\/seo\/ -->\n<title>Association des Anciens Sapeurs-Pompiers de Servaville-Salmonville (A.A.S.P.S.S.) - Mairie de Servaville-Salmonville<\/title>\n<meta name=\"robots\" content=\"index, follow, max-snippet:-1, max-image-preview:large, max-video-preview:-1\" \/>\n<link rel=\"canonical\" href=\"https:\/\/web.graphisme.pro\/Servaville\/association-des-anciens-sapeurs-pompiers-de-servaville-salmonville-a-a-s-p-s-s\/\" \/>\n<meta property=\"og:locale\" content=\"fr_FR\" \/>\n<meta property=\"og:type\" content=\"article\" \/>\n<meta property=\"og:title\" content=\"Association des Anciens Sapeurs-Pompiers de Servaville-Salmonville (A.A.S.P.S.S.) - Mairie de Servaville-Salmonville\" \/>\n<meta property=\"og:description\" content=\"L&rsquo;association des Anciens Sapeurs-pompiers organise tous les ans au mois de mars un grand Loto Pr\u00e9sident : Eric MASSET Vice Pr\u00e9sident : Gilles ALEXANDRE Tr\u00e9sorier : Paul PINOT\" \/>\n<meta property=\"og:url\" content=\"https:\/\/web.graphisme.pro\/Servaville\/association-des-anciens-sapeurs-pompiers-de-servaville-salmonville-a-a-s-p-s-s\/\" \/>\n<meta property=\"og:site_name\" content=\"Mairie de Servaville-Salmonville\" \/>\n<meta property=\"article:modified_time\" content=\"2023-04-02T07:25:26+00:00\" \/>\n<meta name=\"twitter:card\" content=\"summary_large_image\" \/>\n<meta name=\"twitter:label1\" content=\"Dur\u00e9e de lecture estim\u00e9e\" \/>\n\t<meta name=\"twitter:data1\" content=\"1 minute\" \/>\n<script type=\"application\/ld+json\" class=\"yoast-schema-graph\">{\"@context\":\"https:\/\/schema.org\",\"@graph\":[{\"@type\":\"WebPage\",\"@id\":\"https:\/\/web.graphisme.pro\/Servaville\/association-des-anciens-sapeurs-pompiers-de-servaville-salmonville-a-a-s-p-s-s\/\",\"url\":\"https:\/\/web.graphisme.pro\/Servaville\/association-des-anciens-sapeurs-pompiers-de-servaville-salmonville-a-a-s-p-s-s\/\",\"name\":\"Association des Anciens Sapeurs-Pompiers de Servaville-Salmonville (A.A.S.P.S.S.) - Mairie de Servaville-Salmonville\",\"isPartOf\":{\"@id\":\"https:\/\/web.graphisme.pro\/Servaville\/#website\"},\"datePublished\":\"2020-09-03T07:46:14+00:00\",\"dateModified\":\"2023-04-02T07:25:26+00:00\",\"breadcrumb\":{\"@id\":\"https:\/\/web.graphisme.pro\/Servaville\/association-des-anciens-sapeurs-pompiers-de-servaville-salmonville-a-a-s-p-s-s\/#breadcrumb\"},\"inLanguage\":\"fr-FR\",\"potentialAction\":[{\"@type\":\"ReadAction\",\"target\":[\"https:\/\/web.graphisme.pro\/Servaville\/association-des-anciens-sapeurs-pompiers-de-servaville-salmonville-a-a-s-p-s-s\/\"]}]},{\"@type\":\"BreadcrumbList\",\"@id\":\"https:\/\/web.graphisme.pro\/Servaville\/association-des-anciens-sapeurs-pompiers-de-servaville-salmonville-a-a-s-p-s-s\/#breadcrumb\",\"itemListElement\":[{\"@type\":\"ListItem\",\"position\":1,\"name\":\"Accueil\",\"item\":\"https:\/\/web.graphisme.pro\/Servaville\/\"},{\"@type\":\"ListItem\",\"position\":2,\"name\":\"Association des Anciens Sapeurs-Pompiers de Servaville-Salmonville (A.A.S.P.S.S.)\"}]},{\"@type\":\"WebSite\",\"@id\":\"https:\/\/web.graphisme.pro\/Servaville\/#website\",\"url\":\"https:\/\/web.graphisme.pro\/Servaville\/\",\"name\":\"Mairie de Servaville-Salmonville\",\"description\":\"Seine-Maritime Normandie\",\"publisher\":{\"@id\":\"https:\/\/web.graphisme.pro\/Servaville\/#organization\"},\"potentialAction\":[{\"@type\":\"SearchAction\",\"target\":{\"@type\":\"EntryPoint\",\"urlTemplate\":\"https:\/\/web.graphisme.pro\/Servaville\/?s={search_term_string}\"},\"query-input\":\"required name=search_term_string\"}],\"inLanguage\":\"fr-FR\"},{\"@type\":\"Organization\",\"@id\":\"https:\/\/web.graphisme.pro\/Servaville\/#organization\",\"name\":\"Mairie de Servaville-Salmonville\",\"url\":\"https:\/\/web.graphisme.pro\/Servaville\/\",\"logo\":{\"@type\":\"ImageObject\",\"inLanguage\":\"fr-FR\",\"@id\":\"https:\/\/web.graphisme.pro\/Servaville\/#\/schema\/logo\/image\/\",\"url\":\"https:\/\/web.graphisme.pro\/Servaville\/wp-content\/uploads\/2020\/08\/servaville_logo-e1598278648383.png\",\"contentUrl\":\"https:\/\/web.graphisme.pro\/Servaville\/wp-content\/uploads\/2020\/08\/servaville_logo-e1598278648383.png\",\"width\":300,\"height\":236,\"caption\":\"Mairie de Servaville-Salmonville\"},\"image\":{\"@id\":\"https:\/\/web.graphisme.pro\/Servaville\/#\/schema\/logo\/image\/\"},\"sameAs\":[\"https:\/\/fr.wikipedia.org\/wiki\/Servaville-Salmonville\"]}]}<\/script>\n<!-- \/ Yoast SEO plugin. -->","yoast_head_json":{"title":"Association des Anciens Sapeurs-Pompiers de Servaville-Salmonville (A.A.S.P.S.S.) - Mairie de Servaville-Salmonville","robots":{"index":"index","follow":"follow","max-snippet":"max-snippet:-1","max-image-preview":"max-image-preview:large","max-video-preview":"max-video-preview:-1"},"canonical":"https:\/\/web.graphisme.pro\/Servaville\/association-des-anciens-sapeurs-pompiers-de-servaville-salmonville-a-a-s-p-s-s\/","og_locale":"fr_FR","og_type":"article","og_title":"Association des Anciens Sapeurs-Pompiers de Servaville-Salmonville (A.A.S.P.S.S.) - Mairie de Servaville-Salmonville","og_description":"L&rsquo;association des Anciens Sapeurs-pompiers organise tous les ans au mois de mars un grand Loto Pr\u00e9sident : Eric MASSET Vice Pr\u00e9sident : Gilles ALEXANDRE Tr\u00e9sorier : Paul PINOT","og_url":"https:\/\/web.graphisme.pro\/Servaville\/association-des-anciens-sapeurs-pompiers-de-servaville-salmonville-a-a-s-p-s-s\/","og_site_name":"Mairie de Servaville-Salmonville","article_modified_time":"2023-04-02T07:25:26+00:00","twitter_card":"summary_large_image","twitter_misc":{"Dur\u00e9e de lecture estim\u00e9e":"1 minute"},"schema":{"@context":"https:\/\/schema.org","@graph":[{"@type":"WebPage","@id":"https:\/\/web.graphisme.pro\/Servaville\/association-des-anciens-sapeurs-pompiers-de-servaville-salmonville-a-a-s-p-s-s\/","url":"https:\/\/web.graphisme.pro\/Servaville\/association-des-anciens-sapeurs-pompiers-de-servaville-salmonville-a-a-s-p-s-s\/","name":"Association des Anciens Sapeurs-Pompiers de Servaville-Salmonville (A.A.S.P.S.S.) - Mairie de Servaville-Salmonville","isPartOf":{"@id":"https:\/\/web.graphisme.pro\/Servaville\/#website"},"datePublished":"2020-09-03T07:46:14+00:00","dateModified":"2023-04-02T07:25:26+00:00","breadcrumb":{"@id":"https:\/\/web.graphisme.pro\/Servaville\/association-des-anciens-sapeurs-pompiers-de-servaville-salmonville-a-a-s-p-s-s\/#breadcrumb"},"inLanguage":"fr-FR","potentialAction":[{"@type":"ReadAction","target":["https:\/\/web.graphisme.pro\/Servaville\/association-des-anciens-sapeurs-pompiers-de-servaville-salmonville-a-a-s-p-s-s\/"]}]},{"@type":"BreadcrumbList","@id":"https:\/\/web.graphisme.pro\/Servaville\/association-des-anciens-sapeurs-pompiers-de-servaville-salmonville-a-a-s-p-s-s\/#breadcrumb","itemListElement":[{"@type":"ListItem","position":1,"name":"Accueil","item":"https:\/\/web.graphisme.pro\/Servaville\/"},{"@type":"ListItem","position":2,"name":"Association des Anciens Sapeurs-Pompiers de Servaville-Salmonville (A.A.S.P.S.S.)"}]},{"@type":"WebSite","@id":"https:\/\/web.graphisme.pro\/Servaville\/#website","url":"https:\/\/web.graphisme.pro\/Servaville\/","name":"Mairie de Servaville-Salmonville","description":"Seine-Maritime Normandie","publisher":{"@id":"https:\/\/web.graphisme.pro\/Servaville\/#organization"},"potentialAction":[{"@type":"SearchAction","target":{"@type":"EntryPoint","urlTemplate":"https:\/\/web.graphisme.pro\/Servaville\/?s={search_term_string}"},"query-input":"required name=search_term_string"}],"inLanguage":"fr-FR"},{"@type":"Organization","@id":"https:\/\/web.graphisme.pro\/Servaville\/#organization","name":"Mairie de Servaville-Salmonville","url":"https:\/\/web.graphisme.pro\/Servaville\/","logo":{"@type":"ImageObject","inLanguage":"fr-FR","@id":"https:\/\/web.graphisme.pro\/Servaville\/#\/schema\/logo\/image\/","url":"https:\/\/web.graphisme.pro\/Servaville\/wp-content\/uploads\/2020\/08\/servaville_logo-e1598278648383.png","contentUrl":"https:\/\/web.graphisme.pro\/Servaville\/wp-content\/uploads\/2020\/08\/servaville_logo-e1598278648383.png","width":300,"height":236,"caption":"Mairie de Servaville-Salmonville"},"image":{"@id":"https:\/\/web.graphisme.pro\/Servaville\/#\/schema\/logo\/image\/"},"sameAs":["https:\/\/fr.wikipedia.org\/wiki\/Servaville-Salmonville"]}]}},"_links":{"self":[{"href":"https:\/\/web.graphisme.pro\/Servaville\/wp-json\/wp\/v2\/pages\/263"}],"collection":[{"href":"https:\/\/web.graphisme.pro\/Servaville\/wp-json\/wp\/v2\/pages"}],"about":[{"href":"https:\/\/web.graphisme.pro\/Servaville\/wp-json\/wp\/v2\/types\/page"}],"author":[{"embeddable":true,"href":"https:\/\/web.graphisme.pro\/Servaville\/wp-json\/wp\/v2\/users\/1"}],"replies":[{"embeddable":true,"href":"https:\/\/web.graphisme.pro\/Servaville\/wp-json\/wp\/v2\/comments?post=263"}],"version-history":[{"count":4,"href":"https:\/\/web.graphisme.pro\/Servaville\/wp-json\/wp\/v2\/pages\/263\/revisions"}],"predecessor-version":[{"id":2153,"href":"https:\/\/web.graphisme.pro\/Servaville\/wp-json\/wp\/v2\/pages\/263\/revisions\/2153"}],"wp:attachment":[{"href":"https:\/\/web.graphisme.pro\/Servaville\/wp-json\/wp\/v2\/media?parent=263"}],"curies":[{"name":"wp","href":"https:\/\/api.w.org\/{rel}","templated":true}]}}