{"id":141,"date":"2020-08-24T17:46:51","date_gmt":"2020-08-24T15:46:51","guid":{"rendered":"https:\/\/web.graphisme.pro\/Servaville\/?page_id=141"},"modified":"2022-11-24T07:03:02","modified_gmt":"2022-11-24T06:03:02","slug":"urbanisme-plu-plui-travaux","status":"publish","type":"page","link":"https:\/\/web.graphisme.pro\/Servaville\/urbanisme-plu-plui-travaux\/","title":{"rendered":"Urbanisme (PLUi, travaux)"},"content":{"rendered":"\n<p>Le PLUi du Plateau de Martainville a \u00e9t\u00e9 approuv\u00e9 par la Communaut\u00e9 de Communes Inter Caux Vexin le 12 avril 2021.<\/p>\n\n\n\n<p>Il est est d\u00e9sormais consultable sur le G\u00e9oportail de l&rsquo;Urbanisme (<a href=\"https:\/\/www.geoportail-urbanisme.gouv.fr\/\" target=\"_blank\" rel=\"noreferrer noopener\">https:\/\/www.geoportail-urbanisme.gouv.fr\/<\/a>).\u00a0<\/p>\n\n\n\n<p>Vous trouverez l&rsquo;ensemble des pi\u00e8ces graphiques et \u00e9crites concernant la commune de Servaville-Salmonville en cliquant ici :<\/p>\n\n\n\n<div class=\"wp-block-buttons is-horizontal is-content-justification-center is-layout-flex wp-container-core-buttons-is-layout-1 wp-block-buttons-is-layout-flex\">\n<div class=\"wp-block-button is-style-fill\"><a class=\"wp-block-button__link has-background wp-element-button\" href=\"https:\/\/www.geoportail-urbanisme.gouv.fr\/map\/#tile=1&amp;lon=1.2792250344116987&amp;lat=49.47531936374094&amp;zoom=13&amp;mlon=1.269642&amp;mlat=49.475448\" style=\"background-color:#bdd783\" target=\"_blank\" rel=\"noreferrer noopener\">PLUi &#8211; Commune de Servaville-Salmonville<\/a><\/div>\n<\/div>\n\n\n\n<p><\/p>\n\n\n\n<h2 class=\"wp-block-heading\"><strong>Le certificat d&rsquo;urbanisme<\/strong><\/h2>\n\n\n\n<p><strong>Il existe deux types de certificats d&rsquo;urbanisme :<\/strong><\/p>\n\n\n\n<p>Le CU1 ou certificat d&rsquo;urbanisme d&rsquo;information qui a pour objet de conna\u00eetre les dispositions d&rsquo;urbanisme applicables sur un terrain (Plan d&rsquo;Occupation des Sols, Plan Local d&rsquo;Urbanisme, liste des taxes, participations\u2026)<\/p>\n\n\n\n<p>Le d\u00e9lai d&rsquo;instruction est d&rsquo;un mois.<\/p>\n\n\n\n<p>Le CU2 ou certificat d&rsquo;urbanisme op\u00e9rationnel pour conna\u00eetre la faisabilit\u00e9 d&rsquo;un projet sur une parcelle.<\/p>\n\n\n\n<p>Le d\u00e9lai d&rsquo;instruction est de 2 mois.<\/p>\n\n\n\n<div class=\"wp-block-buttons is-horizontal is-content-justification-center is-layout-flex wp-container-core-buttons-is-layout-2 wp-block-buttons-is-layout-flex\">\n<div class=\"wp-block-button\"><a class=\"wp-block-button__link has-background wp-element-button\" href=\"http:\/\/vosdroits.service-public.fr\/particuliers\/F23263.xhtml\" style=\"background-color:#bdd783\" target=\"_blank\" rel=\"noreferrer noopener\">Calcul des taxes d&rsquo;am\u00e9nagement<\/a><\/div>\n<\/div>\n\n\n\n<h2 class=\"wp-block-heading\">D\u00e9lai de validit\u00e9 des autorisations d&rsquo;urbanisme et travaux sur constructions existantes<\/h2>\n\n\n\n<p>Un d\u00e9cret du&nbsp;<strong><u>5 Janvier 2016<\/u><\/strong>&nbsp;porte le d\u00e9lai de validit\u00e9 initial des autorisations d\u2019urbanisme de deux ans \u00e0 trois ans et permet d\u00e9sormais la prorogation de ce d\u00e9lai d\u2019une ann\u00e9e, non plus une seule fois mais deux fois.<\/p>\n\n\n\n<p>En r\u00e9sum\u00e9, le d\u00e9lai de validit\u00e9 des autorisations d\u2019urbanisme sera de 5 ans (3+2).<\/p>\n\n\n\n<div class=\"wp-block-buttons is-horizontal is-content-justification-center is-layout-flex wp-container-core-buttons-is-layout-3 wp-block-buttons-is-layout-flex\">\n<div class=\"wp-block-button\"><a class=\"wp-block-button__link has-background wp-element-button\" href=\"http:\/\/vosdroits.service-public.fr\/particuliers\/N319.xhtml\" style=\"background-color:#bdd783\" target=\"_blank\" rel=\"noreferrer noopener\">Remplir le formulaire en ligne<\/a><\/div>\n<\/div>\n","protected":false},"excerpt":{"rendered":"<p>Le PLUi du Plateau de Martainville a \u00e9t\u00e9 approuv\u00e9 par la Communaut\u00e9 de Communes Inter Caux Vexin le 12 avril 2021. Il est est d\u00e9sormais consultable sur le G\u00e9oportail de [&hellip;]<\/p>\n","protected":false},"author":1,"featured_media":0,"parent":0,"menu_order":0,"comment_status":"closed","ping_status":"closed","template":"","meta":{"_EventAllDay":false,"_EventTimezone":"","_EventStartDate":"","_EventEndDate":"","_EventStartDateUTC":"","_EventEndDateUTC":"","_EventShowMap":false,"_EventShowMapLink":false,"_EventURL":"","_EventCost":"","_EventCostDescription":"","_EventCurrencySymbol":"","_EventCurrencyCode":"","_EventCurrencyPosition":"","_EventDateTimeSeparator":"","_EventTimeRangeSeparator":"","_EventOrganizerID":[],"_EventVenueID":[],"_OrganizerEmail":"","_OrganizerPhone":"","_OrganizerWebsite":"","_VenueAddress":"","_VenueCity":"","_VenueCountry":"","_VenueProvince":"","_VenueState":"","_VenueZip":"","_VenuePhone":"","_VenueURL":"","_VenueStateProvince":"","_VenueLat":"","_VenueLng":"","_VenueShowMap":false,"_VenueShowMapLink":false,"footnotes":""},"yoast_head":"<!-- This site is optimized with the Yoast SEO plugin v22.6 - https:\/\/yoast.com\/wordpress\/plugins\/seo\/ -->\n<title>Urbanisme (PLUi, travaux) - Mairie de Servaville-Salmonville<\/title>\n<meta name=\"robots\" content=\"index, follow, max-snippet:-1, max-image-preview:large, max-video-preview:-1\" \/>\n<link rel=\"canonical\" href=\"https:\/\/web.graphisme.pro\/Servaville\/urbanisme-plu-plui-travaux\/\" \/>\n<meta property=\"og:locale\" content=\"fr_FR\" \/>\n<meta property=\"og:type\" content=\"article\" \/>\n<meta property=\"og:title\" content=\"Urbanisme (PLUi, travaux) - Mairie de Servaville-Salmonville\" \/>\n<meta property=\"og:description\" content=\"Le PLUi du Plateau de Martainville a \u00e9t\u00e9 approuv\u00e9 par la Communaut\u00e9 de Communes Inter Caux Vexin le 12 avril 2021. Il est est d\u00e9sormais consultable sur le G\u00e9oportail de [&hellip;]\" \/>\n<meta property=\"og:url\" content=\"https:\/\/web.graphisme.pro\/Servaville\/urbanisme-plu-plui-travaux\/\" \/>\n<meta property=\"og:site_name\" content=\"Mairie de Servaville-Salmonville\" \/>\n<meta property=\"article:modified_time\" content=\"2022-11-24T06:03:02+00:00\" \/>\n<meta name=\"twitter:card\" content=\"summary_large_image\" \/>\n<meta name=\"twitter:label1\" content=\"Dur\u00e9e de lecture estim\u00e9e\" \/>\n\t<meta name=\"twitter:data1\" content=\"1 minute\" \/>\n<script type=\"application\/ld+json\" class=\"yoast-schema-graph\">{\"@context\":\"https:\/\/schema.org\",\"@graph\":[{\"@type\":\"WebPage\",\"@id\":\"https:\/\/web.graphisme.pro\/Servaville\/urbanisme-plu-plui-travaux\/\",\"url\":\"https:\/\/web.graphisme.pro\/Servaville\/urbanisme-plu-plui-travaux\/\",\"name\":\"Urbanisme (PLUi, travaux) - Mairie de Servaville-Salmonville\",\"isPartOf\":{\"@id\":\"https:\/\/web.graphisme.pro\/Servaville\/#website\"},\"datePublished\":\"2020-08-24T15:46:51+00:00\",\"dateModified\":\"2022-11-24T06:03:02+00:00\",\"breadcrumb\":{\"@id\":\"https:\/\/web.graphisme.pro\/Servaville\/urbanisme-plu-plui-travaux\/#breadcrumb\"},\"inLanguage\":\"fr-FR\",\"potentialAction\":[{\"@type\":\"ReadAction\",\"target\":[\"https:\/\/web.graphisme.pro\/Servaville\/urbanisme-plu-plui-travaux\/\"]}]},{\"@type\":\"BreadcrumbList\",\"@id\":\"https:\/\/web.graphisme.pro\/Servaville\/urbanisme-plu-plui-travaux\/#breadcrumb\",\"itemListElement\":[{\"@type\":\"ListItem\",\"position\":1,\"name\":\"Accueil\",\"item\":\"https:\/\/web.graphisme.pro\/Servaville\/\"},{\"@type\":\"ListItem\",\"position\":2,\"name\":\"Urbanisme (PLUi, travaux)\"}]},{\"@type\":\"WebSite\",\"@id\":\"https:\/\/web.graphisme.pro\/Servaville\/#website\",\"url\":\"https:\/\/web.graphisme.pro\/Servaville\/\",\"name\":\"Mairie de Servaville-Salmonville\",\"description\":\"Seine-Maritime Normandie\",\"publisher\":{\"@id\":\"https:\/\/web.graphisme.pro\/Servaville\/#organization\"},\"potentialAction\":[{\"@type\":\"SearchAction\",\"target\":{\"@type\":\"EntryPoint\",\"urlTemplate\":\"https:\/\/web.graphisme.pro\/Servaville\/?s={search_term_string}\"},\"query-input\":\"required name=search_term_string\"}],\"inLanguage\":\"fr-FR\"},{\"@type\":\"Organization\",\"@id\":\"https:\/\/web.graphisme.pro\/Servaville\/#organization\",\"name\":\"Mairie de Servaville-Salmonville\",\"url\":\"https:\/\/web.graphisme.pro\/Servaville\/\",\"logo\":{\"@type\":\"ImageObject\",\"inLanguage\":\"fr-FR\",\"@id\":\"https:\/\/web.graphisme.pro\/Servaville\/#\/schema\/logo\/image\/\",\"url\":\"https:\/\/web.graphisme.pro\/Servaville\/wp-content\/uploads\/2020\/08\/servaville_logo-e1598278648383.png\",\"contentUrl\":\"https:\/\/web.graphisme.pro\/Servaville\/wp-content\/uploads\/2020\/08\/servaville_logo-e1598278648383.png\",\"width\":300,\"height\":236,\"caption\":\"Mairie de Servaville-Salmonville\"},\"image\":{\"@id\":\"https:\/\/web.graphisme.pro\/Servaville\/#\/schema\/logo\/image\/\"},\"sameAs\":[\"https:\/\/fr.wikipedia.org\/wiki\/Servaville-Salmonville\"]}]}<\/script>\n<!-- \/ Yoast SEO plugin. -->","yoast_head_json":{"title":"Urbanisme (PLUi, travaux) - Mairie de Servaville-Salmonville","robots":{"index":"index","follow":"follow","max-snippet":"max-snippet:-1","max-image-preview":"max-image-preview:large","max-video-preview":"max-video-preview:-1"},"canonical":"https:\/\/web.graphisme.pro\/Servaville\/urbanisme-plu-plui-travaux\/","og_locale":"fr_FR","og_type":"article","og_title":"Urbanisme (PLUi, travaux) - Mairie de Servaville-Salmonville","og_description":"Le PLUi du Plateau de Martainville a \u00e9t\u00e9 approuv\u00e9 par la Communaut\u00e9 de Communes Inter Caux Vexin le 12 avril 2021. Il est est d\u00e9sormais consultable sur le G\u00e9oportail de [&hellip;]","og_url":"https:\/\/web.graphisme.pro\/Servaville\/urbanisme-plu-plui-travaux\/","og_site_name":"Mairie de Servaville-Salmonville","article_modified_time":"2022-11-24T06:03:02+00:00","twitter_card":"summary_large_image","twitter_misc":{"Dur\u00e9e de lecture estim\u00e9e":"1 minute"},"schema":{"@context":"https:\/\/schema.org","@graph":[{"@type":"WebPage","@id":"https:\/\/web.graphisme.pro\/Servaville\/urbanisme-plu-plui-travaux\/","url":"https:\/\/web.graphisme.pro\/Servaville\/urbanisme-plu-plui-travaux\/","name":"Urbanisme (PLUi, travaux) - Mairie de Servaville-Salmonville","isPartOf":{"@id":"https:\/\/web.graphisme.pro\/Servaville\/#website"},"datePublished":"2020-08-24T15:46:51+00:00","dateModified":"2022-11-24T06:03:02+00:00","breadcrumb":{"@id":"https:\/\/web.graphisme.pro\/Servaville\/urbanisme-plu-plui-travaux\/#breadcrumb"},"inLanguage":"fr-FR","potentialAction":[{"@type":"ReadAction","target":["https:\/\/web.graphisme.pro\/Servaville\/urbanisme-plu-plui-travaux\/"]}]},{"@type":"BreadcrumbList","@id":"https:\/\/web.graphisme.pro\/Servaville\/urbanisme-plu-plui-travaux\/#breadcrumb","itemListElement":[{"@type":"ListItem","position":1,"name":"Accueil","item":"https:\/\/web.graphisme.pro\/Servaville\/"},{"@type":"ListItem","position":2,"name":"Urbanisme (PLUi, travaux)"}]},{"@type":"WebSite","@id":"https:\/\/web.graphisme.pro\/Servaville\/#website","url":"https:\/\/web.graphisme.pro\/Servaville\/","name":"Mairie de Servaville-Salmonville","description":"Seine-Maritime Normandie","publisher":{"@id":"https:\/\/web.graphisme.pro\/Servaville\/#organization"},"potentialAction":[{"@type":"SearchAction","target":{"@type":"EntryPoint","urlTemplate":"https:\/\/web.graphisme.pro\/Servaville\/?s={search_term_string}"},"query-input":"required name=search_term_string"}],"inLanguage":"fr-FR"},{"@type":"Organization","@id":"https:\/\/web.graphisme.pro\/Servaville\/#organization","name":"Mairie de Servaville-Salmonville","url":"https:\/\/web.graphisme.pro\/Servaville\/","logo":{"@type":"ImageObject","inLanguage":"fr-FR","@id":"https:\/\/web.graphisme.pro\/Servaville\/#\/schema\/logo\/image\/","url":"https:\/\/web.graphisme.pro\/Servaville\/wp-content\/uploads\/2020\/08\/servaville_logo-e1598278648383.png","contentUrl":"https:\/\/web.graphisme.pro\/Servaville\/wp-content\/uploads\/2020\/08\/servaville_logo-e1598278648383.png","width":300,"height":236,"caption":"Mairie de Servaville-Salmonville"},"image":{"@id":"https:\/\/web.graphisme.pro\/Servaville\/#\/schema\/logo\/image\/"},"sameAs":["https:\/\/fr.wikipedia.org\/wiki\/Servaville-Salmonville"]}]}},"_links":{"self":[{"href":"https:\/\/web.graphisme.pro\/Servaville\/wp-json\/wp\/v2\/pages\/141"}],"collection":[{"href":"https:\/\/web.graphisme.pro\/Servaville\/wp-json\/wp\/v2\/pages"}],"about":[{"href":"https:\/\/web.graphisme.pro\/Servaville\/wp-json\/wp\/v2\/types\/page"}],"author":[{"embeddable":true,"href":"https:\/\/web.graphisme.pro\/Servaville\/wp-json\/wp\/v2\/users\/1"}],"replies":[{"embeddable":true,"href":"https:\/\/web.graphisme.pro\/Servaville\/wp-json\/wp\/v2\/comments?post=141"}],"version-history":[{"count":7,"href":"https:\/\/web.graphisme.pro\/Servaville\/wp-json\/wp\/v2\/pages\/141\/revisions"}],"predecessor-version":[{"id":2022,"href":"https:\/\/web.graphisme.pro\/Servaville\/wp-json\/wp\/v2\/pages\/141\/revisions\/2022"}],"wp:attachment":[{"href":"https:\/\/web.graphisme.pro\/Servaville\/wp-json\/wp\/v2\/media?parent=141"}],"curies":[{"name":"wp","href":"https:\/\/api.w.org\/{rel}","templated":true}]}}

<p>Le PLUi du Plateau de Martainville a été approuvé par la Communauté de Communes Inter Caux Vexin le 12 avril 2021.</p>



<p>Il est est désormais consultable sur le Géoportail de l&rsquo;Urbanisme (<a href="https://www.geoportail-urbanisme.gouv.fr/" target="_blank" rel="noreferrer noopener">https://www.geoportail-urbanisme.gouv.fr/</a>). </p>



<p>Vous trouverez l&rsquo;ensemble des pièces graphiques et écrites concernant la commune de Servaville-Salmonville en cliquant ici :</p>



<div class="wp-block-buttons is-horizontal is-content-justification-center is-layout-flex wp-container-core-buttons-is-layout-1 wp-block-buttons-is-layout-flex">
<div class="wp-block-button is-style-fill"><a class="wp-block-button__link has-background wp-element-button" href="https://www.geoportail-urbanisme.gouv.fr/map/#tile=1&amp;lon=1.2792250344116987&amp;lat=49.47531936374094&amp;zoom=13&amp;mlon=1.269642&amp;mlat=49.475448" style="background-color:#bdd783" target="_blank" rel="noreferrer noopener">PLUi &#8211; Commune de Servaville-Salmonville</a></div>
</div>



<p></p>



<h2 class="wp-block-heading"><strong>Le certificat d&rsquo;urbanisme</strong></h2>



<p><strong>Il existe deux types de certificats d&rsquo;urbanisme :</strong></p>



<p>Le CU1 ou certificat d&rsquo;urbanisme d&rsquo;information qui a pour objet de connaître les dispositions d&rsquo;urbanisme applicables sur un terrain (Plan d&rsquo;Occupation des Sols, Plan Local d&rsquo;Urbanisme, liste des taxes, participations…)</p>



<p>Le délai d&rsquo;instruction est d&rsquo;un mois.</p>



<p>Le CU2 ou certificat d&rsquo;urbanisme opérationnel pour connaître la faisabilité d&rsquo;un projet sur une parcelle.</p>



<p>Le délai d&rsquo;instruction est de 2 mois.</p>



<div class="wp-block-buttons is-horizontal is-content-justification-center is-layout-flex wp-container-core-buttons-is-layout-2 wp-block-buttons-is-layout-flex">
<div class="wp-block-button"><a class="wp-block-button__link has-background wp-element-button" href="http://vosdroits.service-public.fr/particuliers/F23263.xhtml" style="background-color:#bdd783" target="_blank" rel="noreferrer noopener">Calcul des taxes d&rsquo;aménagement</a></div>
</div>



<h2 class="wp-block-heading">Délai de validité des autorisations d&rsquo;urbanisme et travaux sur constructions existantes</h2>



<p>Un décret du&nbsp;<strong><u>5 Janvier 2016</u></strong>&nbsp;porte le délai de validité initial des autorisations d’urbanisme de deux ans à trois ans et permet désormais la prorogation de ce délai d’une année, non plus une seule fois mais deux fois.</p>



<p>En résumé, le délai de validité des autorisations d’urbanisme sera de 5 ans (3+2).</p>



<div class="wp-block-buttons is-horizontal is-content-justification-center is-layout-flex wp-container-core-buttons-is-layout-3 wp-block-buttons-is-layout-flex">
<div class="wp-block-button"><a class="wp-block-button__link has-background wp-element-button" href="http://vosdroits.service-public.fr/particuliers/N319.xhtml" style="background-color:#bdd783" target="_blank" rel="noreferrer noopener">Remplir le formulaire en ligne</a></div>
</div>

<p>Le PLUi du Plateau de Martainville a été approuvé par la Communauté de Communes Inter Caux Vexin le 12 avril 2021. Il est est désormais consultable sur le Géoportail de [&hellip;]</p>

<!-- This site is optimized with the Yoast SEO plugin v22.6 - https://yoast.com/wordpress/plugins/seo/ -->
<title>Urbanisme (PLUi, travaux) - Mairie de Servaville-Salmonville</title>
<meta name="robots" content="index, follow, max-snippet:-1, max-image-preview:large, max-video-preview:-1" />
<link rel="canonical" href="https://web.graphisme.pro/Servaville/urbanisme-plu-plui-travaux/" />
<meta property="og:locale" content="fr_FR" />
<meta property="og:type" content="article" />
<meta property="og:title" content="Urbanisme (PLUi, travaux) - Mairie de Servaville-Salmonville" />
<meta property="og:description" content="Le PLUi du Plateau de Martainville a été approuvé par la Communauté de Communes Inter Caux Vexin le 12 avril 2021. Il est est désormais consultable sur le Géoportail de [&hellip;]" />
<meta property="og:url" content="https://web.graphisme.pro/Servaville/urbanisme-plu-plui-travaux/" />
<meta property="og:site_name" content="Mairie de Servaville-Salmonville" />
<meta property="article:modified_time" content="2022-11-24T06:03:02+00:00" />
<meta name="twitter:card" content="summary_large_image" />
<meta name="twitter:label1" content="Durée de lecture estimée" />
	<meta name="twitter:data1" content="1 minute" />
<script type="application/ld+json" class="yoast-schema-graph">{"@context":"https://schema.org","@graph":[{"@type":"WebPage","@id":"https://web.graphisme.pro/Servaville/urbanisme-plu-plui-travaux/","url":"https://web.graphisme.pro/Servaville/urbanisme-plu-plui-travaux/","name":"Urbanisme (PLUi, travaux) - Mairie de Servaville-Salmonville","isPartOf":{"@id":"https://web.graphisme.pro/Servaville/#website"},"datePublished":"2020-08-24T15:46:51+00:00","dateModified":"2022-11-24T06:03:02+00:00","breadcrumb":{"@id":"https://web.graphisme.pro/Servaville/urbanisme-plu-plui-travaux/#breadcrumb"},"inLanguage":"fr-FR","potentialAction":[{"@type":"ReadAction","target":["https://web.graphisme.pro/Servaville/urbanisme-plu-plui-travaux/"]}]},{"@type":"BreadcrumbList","@id":"https://web.graphisme.pro/Servaville/urbanisme-plu-plui-travaux/#breadcrumb","itemListElement":[{"@type":"ListItem","position":1,"name":"Accueil","item":"https://web.graphisme.pro/Servaville/"},{"@type":"ListItem","position":2,"name":"Urbanisme (PLUi, travaux)"}]},{"@type":"WebSite","@id":"https://web.graphisme.pro/Servaville/#website","url":"https://web.graphisme.pro/Servaville/","name":"Mairie de Servaville-Salmonville","description":"Seine-Maritime Normandie","publisher":{"@id":"https://web.graphisme.pro/Servaville/#organization"},"potentialAction":[{"@type":"SearchAction","target":{"@type":"EntryPoint","urlTemplate":"https://web.graphisme.pro/Servaville/?s={search_term_string}"},"query-input":"required name=search_term_string"}],"inLanguage":"fr-FR"},{"@type":"Organization","@id":"https://web.graphisme.pro/Servaville/#organization","name":"Mairie de Servaville-Salmonville","url":"https://web.graphisme.pro/Servaville/","logo":{"@type":"ImageObject","inLanguage":"fr-FR","@id":"https://web.graphisme.pro/Servaville/#/schema/logo/image/","url":"https://web.graphisme.pro/Servaville/wp-content/uploads/2020/08/servaville_logo-e1598278648383.png","contentUrl":"https://web.graphisme.pro/Servaville/wp-content/uploads/2020/08/servaville_logo-e1598278648383.png","width":300,"height":236,"caption":"Mairie de Servaville-Salmonville"},"image":{"@id":"https://web.graphisme.pro/Servaville/#/schema/logo/image/"},"sameAs":["https://fr.wikipedia.org/wiki/Servaville-Salmonville"]}]}</script>
<!-- / Yoast SEO plugin. -->

Le PLUi du Plateau de Martainville a été approuvé par la Communauté de Communes Inter Caux Vexin le 12 avril 2021. Il est est désormais consultable sur le Géoportail de [&hellip;]
