{"id":137,"date":"2020-08-24T17:45:05","date_gmt":"2020-08-24T15:45:05","guid":{"rendered":"https:\/\/web.graphisme.pro\/Servaville\/?page_id=137"},"modified":"2020-09-25T17:10:53","modified_gmt":"2020-09-25T15:10:53","slug":"autorisation-de-sortie-du-territoire","status":"publish","type":"page","link":"https:\/\/web.graphisme.pro\/Servaville\/autorisation-de-sortie-du-territoire\/","title":{"rendered":"Autorisation de sortie du territoire"},"content":{"rendered":"\n<h2 class=\"wp-block-heading\">R\u00e9tablissement de l&rsquo;autorisation de sortie du territoire pour tous les mneurs<\/h2>\n\n\n\n<p>Au regard du contexte actuel, la loi du 3 juin 2016 relative \u00e0 la lutte contre le terrorisme et le d\u00e9cret du 2 novembre 2016 ont r\u00e9tabli l&rsquo;autorisation de sortie de territoire pour les mineurs.<\/p>\n\n\n\n<p>Ainsi,\u00a0<strong><u>\u00e0 compter du 15 janvier 2017<\/u><\/strong>, un mineur non accompagn\u00e9 de ses parents (ou d&rsquo;une personne d\u00e9tentrice de l&rsquo;autorisation parentale), ne pourra plus quitter la France sans autorisation. L&rsquo;autorisation de sortie du territoire prend la forme d&rsquo;un formulaire \u00e0 t\u00e9l\u00e9charger, \u00e0 remplir et signer.<\/p>\n\n\n\n<div class=\"wp-block-buttons aligncenter is-layout-flex wp-block-buttons-is-layout-flex\">\n<div class=\"wp-block-button\"><a class=\"wp-block-button__link has-background\" href=\"https:\/\/web.graphisme.pro\/Servaville\/wp-content\/uploads\/2020\/09\/cerfa_15646-01.pdf\" style=\"background-color:#bdd783\" target=\"_blank\" rel=\"noreferrer noopener\">T\u00e9l\u00e9charger le formulaire CERFA<\/a><\/div>\n<\/div>\n\n\n\n<p>L&rsquo;enfant qui voyagera \u00e0 l&rsquo;\u00e9tranger sans \u00eatre accompagn\u00e9 de l&rsquo;un de ses parents devra pr\u00e9senter les 3 documents suivants :<\/p>\n\n\n\n<ul><li>La pi\u00e8ce d\u2019identit\u00e9 du mineur : carte d&rsquo;identit\u00e9 ou passeport<\/li><li>Le formulaire sign\u00e9 par l&rsquo;un des parents titulaire de l&rsquo;autorit\u00e9 parentale<\/li><li>La photocopie du titre d&rsquo;identit\u00e9 du parent signataire du formulaire<\/li><\/ul>\n\n\n\n<p><a href=\"http:\/\/www.interieur.gouv.fr\/fr\/Actualites\/Communiques\/Exigence-d-une-autorisation-de-sortie-du-territoire-pour-les-mineurs-a-compter-du-15-janvier-2017\" target=\"_blank\" rel=\"noreferrer noopener\">Lire le communiqu\u00e9 de presse du minist\u00e8re de l&rsquo;Int\u00e9rieur.<\/a><\/p>\n","protected":false},"excerpt":{"rendered":"<p>R\u00e9tablissement de l&rsquo;autorisation de sortie du territoire pour tous les mneurs Au regard du contexte actuel, la loi du 3 juin 2016 relative \u00e0 la lutte contre le terrorisme et [&hellip;]<\/p>\n","protected":false},"author":1,"featured_media":0,"parent":0,"menu_order":0,"comment_status":"closed","ping_status":"closed","template":"","meta":{"_EventAllDay":false,"_EventTimezone":"","_EventStartDate":"","_EventEndDate":"","_EventStartDateUTC":"","_EventEndDateUTC":"","_EventShowMap":false,"_EventShowMapLink":false,"_EventURL":"","_EventCost":"","_EventCostDescription":"","_EventCurrencySymbol":"","_EventCurrencyCode":"","_EventCurrencyPosition":"","_EventDateTimeSeparator":"","_EventTimeRangeSeparator":"","_EventOrganizerID":[],"_EventVenueID":[],"_OrganizerEmail":"","_OrganizerPhone":"","_OrganizerWebsite":"","_VenueAddress":"","_VenueCity":"","_VenueCountry":"","_VenueProvince":"","_VenueState":"","_VenueZip":"","_VenuePhone":"","_VenueURL":"","_VenueStateProvince":"","_VenueLat":"","_VenueLng":"","_VenueShowMap":false,"_VenueShowMapLink":false,"footnotes":""},"yoast_head":"<!-- This site is optimized with the Yoast SEO plugin v22.6 - https:\/\/yoast.com\/wordpress\/plugins\/seo\/ -->\n<title>Autorisation de sortie du territoire - Mairie de Servaville-Salmonville<\/title>\n<meta name=\"robots\" content=\"index, follow, max-snippet:-1, max-image-preview:large, max-video-preview:-1\" \/>\n<link rel=\"canonical\" href=\"https:\/\/web.graphisme.pro\/Servaville\/autorisation-de-sortie-du-territoire\/\" \/>\n<meta property=\"og:locale\" content=\"fr_FR\" \/>\n<meta property=\"og:type\" content=\"article\" \/>\n<meta property=\"og:title\" content=\"Autorisation de sortie du territoire - Mairie de Servaville-Salmonville\" \/>\n<meta property=\"og:description\" content=\"R\u00e9tablissement de l&rsquo;autorisation de sortie du territoire pour tous les mneurs Au regard du contexte actuel, la loi du 3 juin 2016 relative \u00e0 la lutte contre le terrorisme et [&hellip;]\" \/>\n<meta property=\"og:url\" content=\"https:\/\/web.graphisme.pro\/Servaville\/autorisation-de-sortie-du-territoire\/\" \/>\n<meta property=\"og:site_name\" content=\"Mairie de Servaville-Salmonville\" \/>\n<meta property=\"article:modified_time\" content=\"2020-09-25T15:10:53+00:00\" \/>\n<meta name=\"twitter:card\" content=\"summary_large_image\" \/>\n<meta name=\"twitter:label1\" content=\"Dur\u00e9e de lecture estim\u00e9e\" \/>\n\t<meta name=\"twitter:data1\" content=\"1 minute\" \/>\n<script type=\"application\/ld+json\" class=\"yoast-schema-graph\">{\"@context\":\"https:\/\/schema.org\",\"@graph\":[{\"@type\":\"WebPage\",\"@id\":\"https:\/\/web.graphisme.pro\/Servaville\/autorisation-de-sortie-du-territoire\/\",\"url\":\"https:\/\/web.graphisme.pro\/Servaville\/autorisation-de-sortie-du-territoire\/\",\"name\":\"Autorisation de sortie du territoire - Mairie de Servaville-Salmonville\",\"isPartOf\":{\"@id\":\"https:\/\/web.graphisme.pro\/Servaville\/#website\"},\"datePublished\":\"2020-08-24T15:45:05+00:00\",\"dateModified\":\"2020-09-25T15:10:53+00:00\",\"breadcrumb\":{\"@id\":\"https:\/\/web.graphisme.pro\/Servaville\/autorisation-de-sortie-du-territoire\/#breadcrumb\"},\"inLanguage\":\"fr-FR\",\"potentialAction\":[{\"@type\":\"ReadAction\",\"target\":[\"https:\/\/web.graphisme.pro\/Servaville\/autorisation-de-sortie-du-territoire\/\"]}]},{\"@type\":\"BreadcrumbList\",\"@id\":\"https:\/\/web.graphisme.pro\/Servaville\/autorisation-de-sortie-du-territoire\/#breadcrumb\",\"itemListElement\":[{\"@type\":\"ListItem\",\"position\":1,\"name\":\"Accueil\",\"item\":\"https:\/\/web.graphisme.pro\/Servaville\/\"},{\"@type\":\"ListItem\",\"position\":2,\"name\":\"Autorisation de sortie du territoire\"}]},{\"@type\":\"WebSite\",\"@id\":\"https:\/\/web.graphisme.pro\/Servaville\/#website\",\"url\":\"https:\/\/web.graphisme.pro\/Servaville\/\",\"name\":\"Mairie de Servaville-Salmonville\",\"description\":\"Seine-Maritime Normandie\",\"publisher\":{\"@id\":\"https:\/\/web.graphisme.pro\/Servaville\/#organization\"},\"potentialAction\":[{\"@type\":\"SearchAction\",\"target\":{\"@type\":\"EntryPoint\",\"urlTemplate\":\"https:\/\/web.graphisme.pro\/Servaville\/?s={search_term_string}\"},\"query-input\":\"required name=search_term_string\"}],\"inLanguage\":\"fr-FR\"},{\"@type\":\"Organization\",\"@id\":\"https:\/\/web.graphisme.pro\/Servaville\/#organization\",\"name\":\"Mairie de Servaville-Salmonville\",\"url\":\"https:\/\/web.graphisme.pro\/Servaville\/\",\"logo\":{\"@type\":\"ImageObject\",\"inLanguage\":\"fr-FR\",\"@id\":\"https:\/\/web.graphisme.pro\/Servaville\/#\/schema\/logo\/image\/\",\"url\":\"https:\/\/web.graphisme.pro\/Servaville\/wp-content\/uploads\/2020\/08\/servaville_logo-e1598278648383.png\",\"contentUrl\":\"https:\/\/web.graphisme.pro\/Servaville\/wp-content\/uploads\/2020\/08\/servaville_logo-e1598278648383.png\",\"width\":300,\"height\":236,\"caption\":\"Mairie de Servaville-Salmonville\"},\"image\":{\"@id\":\"https:\/\/web.graphisme.pro\/Servaville\/#\/schema\/logo\/image\/\"},\"sameAs\":[\"https:\/\/fr.wikipedia.org\/wiki\/Servaville-Salmonville\"]}]}<\/script>\n<!-- \/ Yoast SEO plugin. -->","yoast_head_json":{"title":"Autorisation de sortie du territoire - Mairie de Servaville-Salmonville","robots":{"index":"index","follow":"follow","max-snippet":"max-snippet:-1","max-image-preview":"max-image-preview:large","max-video-preview":"max-video-preview:-1"},"canonical":"https:\/\/web.graphisme.pro\/Servaville\/autorisation-de-sortie-du-territoire\/","og_locale":"fr_FR","og_type":"article","og_title":"Autorisation de sortie du territoire - Mairie de Servaville-Salmonville","og_description":"R\u00e9tablissement de l&rsquo;autorisation de sortie du territoire pour tous les mneurs Au regard du contexte actuel, la loi du 3 juin 2016 relative \u00e0 la lutte contre le terrorisme et [&hellip;]","og_url":"https:\/\/web.graphisme.pro\/Servaville\/autorisation-de-sortie-du-territoire\/","og_site_name":"Mairie de Servaville-Salmonville","article_modified_time":"2020-09-25T15:10:53+00:00","twitter_card":"summary_large_image","twitter_misc":{"Dur\u00e9e de lecture estim\u00e9e":"1 minute"},"schema":{"@context":"https:\/\/schema.org","@graph":[{"@type":"WebPage","@id":"https:\/\/web.graphisme.pro\/Servaville\/autorisation-de-sortie-du-territoire\/","url":"https:\/\/web.graphisme.pro\/Servaville\/autorisation-de-sortie-du-territoire\/","name":"Autorisation de sortie du territoire - Mairie de Servaville-Salmonville","isPartOf":{"@id":"https:\/\/web.graphisme.pro\/Servaville\/#website"},"datePublished":"2020-08-24T15:45:05+00:00","dateModified":"2020-09-25T15:10:53+00:00","breadcrumb":{"@id":"https:\/\/web.graphisme.pro\/Servaville\/autorisation-de-sortie-du-territoire\/#breadcrumb"},"inLanguage":"fr-FR","potentialAction":[{"@type":"ReadAction","target":["https:\/\/web.graphisme.pro\/Servaville\/autorisation-de-sortie-du-territoire\/"]}]},{"@type":"BreadcrumbList","@id":"https:\/\/web.graphisme.pro\/Servaville\/autorisation-de-sortie-du-territoire\/#breadcrumb","itemListElement":[{"@type":"ListItem","position":1,"name":"Accueil","item":"https:\/\/web.graphisme.pro\/Servaville\/"},{"@type":"ListItem","position":2,"name":"Autorisation de sortie du territoire"}]},{"@type":"WebSite","@id":"https:\/\/web.graphisme.pro\/Servaville\/#website","url":"https:\/\/web.graphisme.pro\/Servaville\/","name":"Mairie de Servaville-Salmonville","description":"Seine-Maritime Normandie","publisher":{"@id":"https:\/\/web.graphisme.pro\/Servaville\/#organization"},"potentialAction":[{"@type":"SearchAction","target":{"@type":"EntryPoint","urlTemplate":"https:\/\/web.graphisme.pro\/Servaville\/?s={search_term_string}"},"query-input":"required name=search_term_string"}],"inLanguage":"fr-FR"},{"@type":"Organization","@id":"https:\/\/web.graphisme.pro\/Servaville\/#organization","name":"Mairie de Servaville-Salmonville","url":"https:\/\/web.graphisme.pro\/Servaville\/","logo":{"@type":"ImageObject","inLanguage":"fr-FR","@id":"https:\/\/web.graphisme.pro\/Servaville\/#\/schema\/logo\/image\/","url":"https:\/\/web.graphisme.pro\/Servaville\/wp-content\/uploads\/2020\/08\/servaville_logo-e1598278648383.png","contentUrl":"https:\/\/web.graphisme.pro\/Servaville\/wp-content\/uploads\/2020\/08\/servaville_logo-e1598278648383.png","width":300,"height":236,"caption":"Mairie de Servaville-Salmonville"},"image":{"@id":"https:\/\/web.graphisme.pro\/Servaville\/#\/schema\/logo\/image\/"},"sameAs":["https:\/\/fr.wikipedia.org\/wiki\/Servaville-Salmonville"]}]}},"_links":{"self":[{"href":"https:\/\/web.graphisme.pro\/Servaville\/wp-json\/wp\/v2\/pages\/137"}],"collection":[{"href":"https:\/\/web.graphisme.pro\/Servaville\/wp-json\/wp\/v2\/pages"}],"about":[{"href":"https:\/\/web.graphisme.pro\/Servaville\/wp-json\/wp\/v2\/types\/page"}],"author":[{"embeddable":true,"href":"https:\/\/web.graphisme.pro\/Servaville\/wp-json\/wp\/v2\/users\/1"}],"replies":[{"embeddable":true,"href":"https:\/\/web.graphisme.pro\/Servaville\/wp-json\/wp\/v2\/comments?post=137"}],"version-history":[{"count":3,"href":"https:\/\/web.graphisme.pro\/Servaville\/wp-json\/wp\/v2\/pages\/137\/revisions"}],"predecessor-version":[{"id":572,"href":"https:\/\/web.graphisme.pro\/Servaville\/wp-json\/wp\/v2\/pages\/137\/revisions\/572"}],"wp:attachment":[{"href":"https:\/\/web.graphisme.pro\/Servaville\/wp-json\/wp\/v2\/media?parent=137"}],"curies":[{"name":"wp","href":"https:\/\/api.w.org\/{rel}","templated":true}]}}

<h2 class="wp-block-heading">Rétablissement de l&rsquo;autorisation de sortie du territoire pour tous les mneurs</h2>



<p>Au regard du contexte actuel, la loi du 3 juin 2016 relative à la lutte contre le terrorisme et le décret du 2 novembre 2016 ont rétabli l&rsquo;autorisation de sortie de territoire pour les mineurs.</p>



<p>Ainsi, <strong><u>à compter du 15 janvier 2017</u></strong>, un mineur non accompagné de ses parents (ou d&rsquo;une personne détentrice de l&rsquo;autorisation parentale), ne pourra plus quitter la France sans autorisation. L&rsquo;autorisation de sortie du territoire prend la forme d&rsquo;un formulaire à télécharger, à remplir et signer.</p>



<div class="wp-block-buttons aligncenter is-layout-flex wp-block-buttons-is-layout-flex">
<div class="wp-block-button"><a class="wp-block-button__link has-background" href="https://web.graphisme.pro/Servaville/wp-content/uploads/2020/09/cerfa_15646-01.pdf" style="background-color:#bdd783" target="_blank" rel="noreferrer noopener">Télécharger le formulaire CERFA</a></div>
</div>



<p>L&rsquo;enfant qui voyagera à l&rsquo;étranger sans être accompagné de l&rsquo;un de ses parents devra présenter les 3 documents suivants :</p>



<ul><li>La pièce d’identité du mineur : carte d&rsquo;identité ou passeport</li><li>Le formulaire signé par l&rsquo;un des parents titulaire de l&rsquo;autorité parentale</li><li>La photocopie du titre d&rsquo;identité du parent signataire du formulaire</li></ul>



<p><a href="http://www.interieur.gouv.fr/fr/Actualites/Communiques/Exigence-d-une-autorisation-de-sortie-du-territoire-pour-les-mineurs-a-compter-du-15-janvier-2017" target="_blank" rel="noreferrer noopener">Lire le communiqué de presse du ministère de l&rsquo;Intérieur.</a></p>

<p>Rétablissement de l&rsquo;autorisation de sortie du territoire pour tous les mneurs Au regard du contexte actuel, la loi du 3 juin 2016 relative à la lutte contre le terrorisme et [&hellip;]</p>

<!-- This site is optimized with the Yoast SEO plugin v22.6 - https://yoast.com/wordpress/plugins/seo/ -->
<title>Autorisation de sortie du territoire - Mairie de Servaville-Salmonville</title>
<meta name="robots" content="index, follow, max-snippet:-1, max-image-preview:large, max-video-preview:-1" />
<link rel="canonical" href="https://web.graphisme.pro/Servaville/autorisation-de-sortie-du-territoire/" />
<meta property="og:locale" content="fr_FR" />
<meta property="og:type" content="article" />
<meta property="og:title" content="Autorisation de sortie du territoire - Mairie de Servaville-Salmonville" />
<meta property="og:description" content="Rétablissement de l&rsquo;autorisation de sortie du territoire pour tous les mneurs Au regard du contexte actuel, la loi du 3 juin 2016 relative à la lutte contre le terrorisme et [&hellip;]" />
<meta property="og:url" content="https://web.graphisme.pro/Servaville/autorisation-de-sortie-du-territoire/" />
<meta property="og:site_name" content="Mairie de Servaville-Salmonville" />
<meta property="article:modified_time" content="2020-09-25T15:10:53+00:00" />
<meta name="twitter:card" content="summary_large_image" />
<meta name="twitter:label1" content="Durée de lecture estimée" />
	<meta name="twitter:data1" content="1 minute" />
<script type="application/ld+json" class="yoast-schema-graph">{"@context":"https://schema.org","@graph":[{"@type":"WebPage","@id":"https://web.graphisme.pro/Servaville/autorisation-de-sortie-du-territoire/","url":"https://web.graphisme.pro/Servaville/autorisation-de-sortie-du-territoire/","name":"Autorisation de sortie du territoire - Mairie de Servaville-Salmonville","isPartOf":{"@id":"https://web.graphisme.pro/Servaville/#website"},"datePublished":"2020-08-24T15:45:05+00:00","dateModified":"2020-09-25T15:10:53+00:00","breadcrumb":{"@id":"https://web.graphisme.pro/Servaville/autorisation-de-sortie-du-territoire/#breadcrumb"},"inLanguage":"fr-FR","potentialAction":[{"@type":"ReadAction","target":["https://web.graphisme.pro/Servaville/autorisation-de-sortie-du-territoire/"]}]},{"@type":"BreadcrumbList","@id":"https://web.graphisme.pro/Servaville/autorisation-de-sortie-du-territoire/#breadcrumb","itemListElement":[{"@type":"ListItem","position":1,"name":"Accueil","item":"https://web.graphisme.pro/Servaville/"},{"@type":"ListItem","position":2,"name":"Autorisation de sortie du territoire"}]},{"@type":"WebSite","@id":"https://web.graphisme.pro/Servaville/#website","url":"https://web.graphisme.pro/Servaville/","name":"Mairie de Servaville-Salmonville","description":"Seine-Maritime Normandie","publisher":{"@id":"https://web.graphisme.pro/Servaville/#organization"},"potentialAction":[{"@type":"SearchAction","target":{"@type":"EntryPoint","urlTemplate":"https://web.graphisme.pro/Servaville/?s={search_term_string}"},"query-input":"required name=search_term_string"}],"inLanguage":"fr-FR"},{"@type":"Organization","@id":"https://web.graphisme.pro/Servaville/#organization","name":"Mairie de Servaville-Salmonville","url":"https://web.graphisme.pro/Servaville/","logo":{"@type":"ImageObject","inLanguage":"fr-FR","@id":"https://web.graphisme.pro/Servaville/#/schema/logo/image/","url":"https://web.graphisme.pro/Servaville/wp-content/uploads/2020/08/servaville_logo-e1598278648383.png","contentUrl":"https://web.graphisme.pro/Servaville/wp-content/uploads/2020/08/servaville_logo-e1598278648383.png","width":300,"height":236,"caption":"Mairie de Servaville-Salmonville"},"image":{"@id":"https://web.graphisme.pro/Servaville/#/schema/logo/image/"},"sameAs":["https://fr.wikipedia.org/wiki/Servaville-Salmonville"]}]}</script>
<!-- / Yoast SEO plugin. -->

Rétablissement de l&rsquo;autorisation de sortie du territoire pour tous les mneurs Au regard du contexte actuel, la loi du 3 juin 2016 relative à la lutte contre le terrorisme et [&hellip;]
